CRAN Package Check Results for Package ATmet

Last updated on 2018-02-24 09:51:16 CET.

Flavor Version Tinstall Tcheck Ttotal Status Flags
r-devel-linux-x86_64-debian-clang 1.2 3.44 61.41 64.85 NOTE
r-devel-linux-x86_64-debian-gcc 1.2 3.54 47.65 51.19 NOTE
r-devel-linux-x86_64-fedora-clang 1.2 80.97 NOTE
r-devel-linux-x86_64-fedora-gcc 1.2 86.31 NOTE
r-devel-windows-ix86+x86_64 1.2 11.00 97.00 108.00 NOTE
r-patched-linux-x86_64 1.2 3.57 62.07 65.64 NOTE
r-patched-solaris-x86 1.2 131.10 NOTE
r-release-linux-x86_64 1.2 3.18 62.04 65.22 NOTE
r-release-windows-ix86+x86_64 1.2 12.00 95.00 107.00 NOTE
r-release-osx-x86_64 1.2 NOTE
r-oldrel-windows-ix86+x86_64 1.2 7.00 72.00 79.00 NOTE
r-oldrel-osx-x86_64 1.2 NOTE

Check Details

Version: 1.2
Check: R code for possible problems
Result: NOTE
    LHSdesign: no visible global function definition for ‘qnorm’
    LHSdesign: no visible global function definition for ‘qunif’
    LHSdesign: no visible global function definition for ‘qt’
    MCdesign: no visible global function definition for ‘rnorm’
    MCdesign: no visible global function definition for ‘runif’
    MCdesign: no visible global function definition for ‘rt’
    Undefined global functions or variables:
     qnorm qt qunif rnorm rt runif
    Consider adding
     importFrom("stats", "qnorm", "qt", "qunif", "rnorm", "rt", "runif")
    to your NAMESPACE file.
Flavors: r-devel-linux-x86_64-debian-clang, r-devel-linux-x86_64-debian-gcc, r-devel-linux-x86_64-fedora-clang, r-devel-linux-x86_64-fedora-gcc, r-devel-windows-ix86+x86_64, r-patched-linux-x86_64, r-patched-solaris-x86, r-release-linux-x86_64, r-release-windows-ix86+x86_64, r-release-osx-x86_64, r-oldrel-windows-ix86+x86_64, r-oldrel-osx-x86_64