Last updated on 2018-02-24 09:51:18 CET.
Flavor | Version | Tinstall | Tcheck | Ttotal | Status | Flags |
---|---|---|---|---|---|---|
r-devel-linux-x86_64-debian-clang | 1.3 | 2.30 | 19.90 | 22.20 | OK | |
r-devel-linux-x86_64-debian-gcc | 1.3 | 2.23 | 15.89 | 18.12 | OK | |
r-devel-linux-x86_64-fedora-clang | 1.3 | 27.91 | NOTE | |||
r-devel-linux-x86_64-fedora-gcc | 1.3 | 29.82 | NOTE | |||
r-devel-windows-ix86+x86_64 | 1.3 | 9.00 | 41.00 | 50.00 | OK | |
r-patched-linux-x86_64 | 1.3 | 2.53 | 19.98 | 22.51 | OK | |
r-patched-solaris-x86 | 1.3 | 36.90 | NOTE | |||
r-release-linux-x86_64 | 1.3 | 2.27 | 19.80 | 22.07 | OK | |
r-release-windows-ix86+x86_64 | 1.3 | 4.00 | 42.00 | 46.00 | OK | |
r-release-osx-x86_64 | 1.3 | NOTE | ||||
r-oldrel-windows-ix86+x86_64 | 1.3 | 4.00 | 32.00 | 36.00 | OK | |
r-oldrel-osx-x86_64 | 1.3 | NOTE |
Version: 1.3
Check: data for non-ASCII characters
Result: NOTE
Note: found 20 marked UTF-8 strings
Flavors: r-devel-linux-x86_64-fedora-clang, r-devel-linux-x86_64-fedora-gcc, r-patched-solaris-x86, r-release-osx-x86_64, r-oldrel-osx-x86_64