CRAN Package Check Results for Package Binarize

Last updated on 2018-02-24 09:51:18 CET.

Flavor Version Tinstall Tcheck Ttotal Status Flags
r-devel-linux-x86_64-debian-clang 1.2 6.31 34.61 40.92 NOTE
r-devel-linux-x86_64-debian-gcc 1.2 6.11 27.05 33.16 NOTE
r-devel-linux-x86_64-fedora-clang 1.2 50.15 NOTE
r-devel-linux-x86_64-fedora-gcc 1.2 51.63 NOTE
r-devel-windows-ix86+x86_64 1.2 23.00 82.00 105.00 OK
r-patched-linux-x86_64 1.2 3.82 35.50 39.32 NOTE
r-patched-solaris-x86 1.2 65.10 OK
r-release-linux-x86_64 1.2 3.38 35.59 38.97 NOTE
r-release-windows-ix86+x86_64 1.2 13.00 64.00 77.00 OK
r-release-osx-x86_64 1.2 NOTE
r-oldrel-windows-ix86+x86_64 1.2 28.00 127.00 155.00 OK
r-oldrel-osx-x86_64 1.2 OK

Check Details

Version: 1.2
Check: compiled code
Result: NOTE
    File ‘Binarize/libs/Binarize.so’:
     Found no calls to: ‘R_registerRoutines’, ‘R_useDynamicSymbols’
    
    It is good practice to register native routines and to disable symbol
    search.
    
    See ‘Writing portable packages’ in the ‘Writing R Extensions’ manual.
Flavors: r-devel-linux-x86_64-debian-clang, r-devel-linux-x86_64-debian-gcc, r-devel-linux-x86_64-fedora-clang, r-devel-linux-x86_64-fedora-gcc, r-patched-linux-x86_64, r-release-linux-x86_64

Version: 1.2
Check: re-building of vignette outputs
Result: NOTE
    Error in re-building vignettes:
     ...
    Loading required package: diptest
    Error in texi2dvi(file = file, pdf = TRUE, clean = clean, quiet = quiet, :
     Running 'texi2dvi' on 'Vignette.tex' failed.
    LaTeX errors:
    ! LaTeX Error: File `subfigure.sty' not found.
    
    Type X to quit or <RETURN> to proceed,
    or enter new name. (Default extension: sty)
    
    ! Emergency stop.
    <read *>
    
    l.17 \usepackage
     {float}^^M
    ! ==> Fatal error occurred, no output PDF file produced!
    Calls: buildVignettes -> texi2pdf -> texi2dvi
    Execution halted
Flavor: r-release-osx-x86_64