CRAN Package Check Results for Package Canopy

Last updated on 2018-02-24 09:51:20 CET.

Flavor Version Tinstall Tcheck Ttotal Status Flags
r-devel-linux-x86_64-debian-clang 1.3.0 7.62 120.40 128.02 OK
r-devel-linux-x86_64-debian-gcc 1.3.0 8.17 90.45 98.62 OK
r-devel-linux-x86_64-fedora-clang 1.3.0 153.41 OK
r-devel-linux-x86_64-fedora-gcc 1.3.0 157.39 OK
r-devel-windows-ix86+x86_64 1.3.0 19.00 170.00 189.00 OK
r-patched-linux-x86_64 1.3.0 5.69 127.79 133.48 OK
r-patched-solaris-x86 1.3.0 213.20 OK
r-release-linux-x86_64 1.3.0 6.02 127.47 133.49 OK
r-release-windows-ix86+x86_64 1.3.0 18.00 184.00 202.00 OK
r-release-osx-x86_64 1.3.0 OK
r-oldrel-windows-ix86+x86_64 1.2.0 15.00 167.00 182.00 OK
r-oldrel-osx-x86_64 1.3.0 ERROR

Check Details

Version: 1.3.0
Check: whether package can be installed
Result: ERROR
    Installation failed.
Flavor: r-oldrel-osx-x86_64