Last updated on 2018-02-24 09:51:23 CET.
Flavor | Version | Tinstall | Tcheck | Ttotal | Status | Flags |
---|---|---|---|---|---|---|
r-devel-linux-x86_64-debian-clang | 1.5-2 | 9.14 | 32.51 | 41.65 | OK | |
r-devel-linux-x86_64-debian-gcc | 1.5-2 | 7.40 | 26.10 | 33.50 | OK | |
r-devel-linux-x86_64-fedora-clang | 1.5-2 | 52.93 | OK | |||
r-devel-linux-x86_64-fedora-gcc | 1.5-2 | 54.44 | OK | |||
r-devel-windows-ix86+x86_64 | 1.5-2 | 18.00 | 62.00 | 80.00 | OK | |
r-patched-linux-x86_64 | 1.5-2 | 2.61 | 33.95 | 36.56 | OK | |
r-patched-solaris-x86 | 1.5-2 | 55.50 | OK | |||
r-release-linux-x86_64 | 1.5-2 | 2.31 | 34.12 | 36.43 | OK | |
r-release-windows-ix86+x86_64 | 1.5-2 | 7.00 | 59.00 | 66.00 | OK | |
r-release-osx-x86_64 | 1.5-2 | OK | ||||
r-oldrel-windows-ix86+x86_64 | 1.5-2 | 4.00 | 44.00 | 48.00 | NOTE | |
r-oldrel-osx-x86_64 | 1.5-1 | NOTE |
Version: 1.5-2
Check: DESCRIPTION meta-information
Result: NOTE
Authors@R field gives persons with no valid roles:
R Consortium [fnd]
Flavor: r-oldrel-windows-ix86+x86_64
Version: 1.5-1
Check: dependencies in R code
Result: NOTE
Namespace in Imports field not imported from: ‘desc’
All declared Imports should be used.
Flavor: r-oldrel-osx-x86_64