Last updated on 2018-02-24 09:51:23 CET.
Flavor | Version | Tinstall | Tcheck | Ttotal | Status | Flags |
---|---|---|---|---|---|---|
r-devel-linux-x86_64-debian-clang | 0.2 | 7.29 | 173.44 | 180.73 | NOTE | |
r-devel-linux-x86_64-debian-gcc | 0.2 | 5.68 | 141.36 | 147.04 | NOTE | |
r-devel-linux-x86_64-fedora-clang | 0.2 | 210.41 | NOTE | |||
r-devel-linux-x86_64-fedora-gcc | 0.2 | 212.11 | NOTE | |||
r-devel-windows-ix86+x86_64 | 0.2 | 16.00 | 109.00 | 125.00 | OK | --no-vignettes |
r-patched-linux-x86_64 | 0.2 | 5.24 | 175.77 | 181.01 | NOTE | |
r-patched-solaris-x86 | 0.2 | 807.70 | NOTE | |||
r-release-linux-x86_64 | 0.2 | 6.19 | 179.99 | 186.18 | NOTE | |
r-release-windows-ix86+x86_64 | 0.2 | 13.00 | 86.00 | 99.00 | OK | --no-vignettes |
r-release-osx-x86_64 | 0.2 | NOTE | ||||
r-oldrel-windows-ix86+x86_64 | 0.1 | 12.00 | 131.00 | 143.00 | OK | --no-vignettes |
r-oldrel-osx-x86_64 | 0.1 | NOTE |
Version: 0.2
Check: package dependencies
Result: NOTE
Package suggested but not available for checking: ‘INLA’
Flavors: r-devel-linux-x86_64-debian-clang, r-devel-linux-x86_64-debian-gcc, r-patched-linux-x86_64, r-patched-solaris-x86, r-release-linux-x86_64, r-release-osx-x86_64
Version: 0.2
Check: Rd cross-references
Result: NOTE
Package unavailable to check Rd xrefs: ‘INLA’
Flavors: r-devel-linux-x86_64-debian-clang, r-devel-linux-x86_64-debian-gcc, r-patched-linux-x86_64, r-patched-solaris-x86, r-release-linux-x86_64, r-release-osx-x86_64
Version: 0.2
Check: dependencies in R code
Result: NOTE
Namespaces in Imports field not imported from:
‘RColorBrewer’ ‘gridExtra’ ‘latticeExtra’
All declared Imports should be used.
Flavors: r-devel-linux-x86_64-fedora-clang, r-devel-linux-x86_64-fedora-gcc, r-patched-solaris-x86, r-release-osx-x86_64
Version: 0.2
Check: data for non-ASCII characters
Result: NOTE
Note: found 2 marked Latin-1 strings
Flavors: r-devel-linux-x86_64-fedora-clang, r-devel-linux-x86_64-fedora-gcc, r-patched-solaris-x86, r-release-osx-x86_64
Version: 0.1
Check: package dependencies
Result: NOTE
Package suggested but not available for checking: ‘INLA’
Flavor: r-oldrel-osx-x86_64
Version: 0.1
Check: data for non-ASCII characters
Result: NOTE
Note: found 2 marked Latin-1 strings
Flavor: r-oldrel-osx-x86_64