CRAN Package Check Results for Package DataEntry

Last updated on 2018-02-24 09:51:23 CET.

Flavor Version Tinstall Tcheck Ttotal Status Flags
r-devel-linux-x86_64-debian-clang 0.9-3 4.78 51.52 56.30 NOTE
r-devel-linux-x86_64-debian-gcc 0.9-3 4.60 42.02 46.62 NOTE
r-devel-linux-x86_64-fedora-clang 0.9-3 69.63 NOTE
r-devel-linux-x86_64-fedora-gcc 0.9-3 75.61 OK
r-devel-windows-ix86+x86_64 0.9-3 14.00 78.00 92.00 OK
r-patched-linux-x86_64 0.9-3 3.16 50.14 53.30 NOTE
r-patched-solaris-x86 0.9-3 94.40 OK
r-release-linux-x86_64 0.9-3 3.22 49.52 52.74 NOTE
r-release-windows-ix86+x86_64 0.9-3 8.00 79.00 87.00 OK
r-release-osx-x86_64 0.9-3 ERROR
r-oldrel-windows-ix86+x86_64 0.9-3 5.00 58.00 63.00 OK
r-oldrel-osx-x86_64 0.9-3 OK

Check Details

Version: 0.9-3
Check: R code for possible problems
Result: NOTE
    Found the following assignments to the global environment:
    File ‘DataEntry/R/Export.R’:
     assign(svalue(edObnm), d, envir = .GlobalEnv)
Flavors: r-devel-linux-x86_64-debian-clang, r-devel-linux-x86_64-debian-gcc, r-devel-linux-x86_64-fedora-clang, r-patched-linux-x86_64, r-release-linux-x86_64

Version: 0.9-3
Check: package dependencies
Result: ERROR
    Packages required but not available: ‘RGtk2’ ‘gWidgets2RGtk2’
    
    See section ‘The DESCRIPTION file’ in the ‘Writing R Extensions’
    manual.
Flavor: r-release-osx-x86_64