Last updated on 2018-02-24 09:51:24 CET.
Flavor | Version | Tinstall | Tcheck | Ttotal | Status | Flags |
---|---|---|---|---|---|---|
r-devel-linux-x86_64-debian-clang | 2.0.2 | 126.92 | 116.88 | 243.80 | OK | |
r-devel-linux-x86_64-debian-gcc | 2.0.2 | 106.01 | 87.38 | 193.39 | OK | |
r-devel-linux-x86_64-fedora-clang | 2.0.2 | 330.66 | NOTE | |||
r-devel-linux-x86_64-fedora-gcc | 2.0.2 | 333.08 | NOTE | |||
r-devel-windows-ix86+x86_64 | 2.0.2 | 346.00 | 229.00 | 575.00 | OK | |
r-patched-linux-x86_64 | 2.0.2 | 126.90 | 114.71 | 241.61 | OK | |
r-patched-solaris-x86 | 2.0.2 | 351.20 | OK | |||
r-release-linux-x86_64 | 2.0.2 | 129.92 | 120.16 | 250.08 | OK | |
r-release-windows-ix86+x86_64 | 2.0.2 | 390.00 | 263.00 | 653.00 | OK | |
r-release-osx-x86_64 | 2.0.2 | OK | ||||
r-oldrel-windows-ix86+x86_64 | 2.0.2 | 275.00 | 175.00 | 450.00 | OK | |
r-oldrel-osx-x86_64 | 2.0.2 | NOTE |
Version: 2.0.2
Check: installed package size
Result: NOTE
installed size is 5.3Mb
sub-directories of 1Mb or more:
libs 3.7Mb
Flavors: r-devel-linux-x86_64-fedora-clang, r-devel-linux-x86_64-fedora-gcc, r-oldrel-osx-x86_64