Last updated on 2018-02-24 09:51:25 CET.
Flavor | Version | Tinstall | Tcheck | Ttotal | Status | Flags |
---|---|---|---|---|---|---|
r-devel-linux-x86_64-debian-clang | 1.4.5 | 14.90 | 191.43 | 206.33 | OK | |
r-devel-linux-x86_64-debian-gcc | 1.4.5 | 14.65 | 151.68 | 166.33 | OK | |
r-devel-windows-ix86+x86_64 | 1.4.5 | 36.00 | 239.00 | 275.00 | OK | |
r-patched-linux-x86_64 | 1.4.5 | 14.04 | 190.66 | 204.70 | OK | |
r-patched-solaris-x86 | 1.4.5 | 327.30 | OK | |||
r-release-linux-x86_64 | 1.4.5 | 14.22 | 194.95 | 209.17 | OK | |
r-release-windows-ix86+x86_64 | 1.4.5 | 37.00 | 261.00 | 298.00 | OK | |
r-release-osx-x86_64 | 1.4.5 | ERROR | ||||
r-oldrel-windows-ix86+x86_64 | 1.4.5 | 24.00 | 183.00 | 207.00 | OK | |
r-oldrel-osx-x86_64 | 1.4.5 | NOTE |
Version: 1.4.5
Check: package dependencies
Result: ERROR
Packages required but not available: ‘siggenes’ ‘gcrma’ ‘biomaRt’
Packages suggested but not available for checking:
‘hgu133plus2.db’ ‘lumi’ ‘GOstats’ ‘Category’ ‘vsn’ ‘GO.db’ ‘GSEABase’
See section ‘The DESCRIPTION file’ in the ‘Writing R Extensions’
manual.
Flavor: r-release-osx-x86_64
Version: 1.4.5
Check: package dependencies
Result: NOTE
Package suggested but not available for checking: ‘hgu133plus2.db’
Flavor: r-oldrel-osx-x86_64