Last updated on 2018-02-24 09:51:28 CET.
Flavor | Version | Tinstall | Tcheck | Ttotal | Status | Flags |
---|---|---|---|---|---|---|
r-devel-linux-x86_64-debian-clang | 0.4-1 | 8.45 | 63.40 | 71.85 | OK | |
r-devel-linux-x86_64-debian-gcc | 0.4-1 | 7.64 | 49.82 | 57.46 | OK | |
r-devel-linux-x86_64-fedora-clang | 0.4-1 | 89.34 | OK | |||
r-devel-linux-x86_64-fedora-gcc | 0.4-1 | 95.33 | OK | |||
r-devel-windows-ix86+x86_64 | 0.4-1 | 24.00 | 95.00 | 119.00 | OK | |
r-patched-linux-x86_64 | 0.4-1 | 6.69 | 66.02 | 72.71 | OK | |
r-patched-solaris-x86 | 0.4-1 | 105.40 | OK | |||
r-release-linux-x86_64 | 0.4-1 | 7.20 | 65.73 | 72.93 | OK | |
r-release-windows-ix86+x86_64 | 0.4-1 | 14.00 | 96.00 | 110.00 | OK | |
r-release-osx-x86_64 | 0.4-1 | ERROR | ||||
r-oldrel-windows-ix86+x86_64 | 0.4-1 | 11.00 | 74.00 | 85.00 | OK | |
r-oldrel-osx-x86_64 | 0.4-1 | OK |
Version: 0.4-1
Check: package dependencies
Result: ERROR
Package required but not available: ‘Rglpk’
See section ‘The DESCRIPTION file’ in the ‘Writing R Extensions’
manual.
Flavor: r-release-osx-x86_64