Last updated on 2018-02-24 09:51:28 CET.
Flavor | Version | Tinstall | Tcheck | Ttotal | Status | Flags |
---|---|---|---|---|---|---|
r-devel-linux-x86_64-debian-clang | 0.2.2 | 119.08 | 150.40 | 269.48 | OK | |
r-devel-linux-x86_64-debian-gcc | 0.2.2 | 99.22 | 111.50 | 210.72 | OK | |
r-devel-linux-x86_64-fedora-clang | 0.2.2 | 359.90 | OK | |||
r-devel-linux-x86_64-fedora-gcc | 0.2.2 | 344.09 | NOTE | |||
r-devel-windows-ix86+x86_64 | 0.2.2 | 338.00 | 323.00 | 661.00 | OK | |
r-patched-linux-x86_64 | 0.2.2 | 110.00 | 142.47 | 252.47 | OK | |
r-patched-solaris-x86 | 0.2.2 | 318.70 | OK | |||
r-release-linux-x86_64 | 0.2.2 | 114.90 | 145.02 | 259.92 | OK | |
r-release-windows-ix86+x86_64 | 0.2.2 | 229.00 | 301.00 | 530.00 | OK | |
r-release-osx-x86_64 | 0.2.2 | OK | ||||
r-oldrel-windows-ix86+x86_64 | 0.2.2 | 232.00 | 288.00 | 520.00 | OK | |
r-oldrel-osx-x86_64 | 0.2.2 | OK |
Version: 0.2.2
Check: installed package size
Result: NOTE
installed size is 7.1Mb
sub-directories of 1Mb or more:
libs 6.3Mb
Flavor: r-devel-linux-x86_64-fedora-gcc