Last updated on 2018-02-24 09:51:31 CET.
Flavor | Version | Tinstall | Tcheck | Ttotal | Status | Flags |
---|---|---|---|---|---|---|
r-devel-linux-x86_64-debian-clang | 0.1.2 | 1.57 | 26.28 | 27.85 | NOTE | |
r-devel-linux-x86_64-debian-gcc | 0.1.2 | 1.20 | 20.34 | 21.54 | NOTE | |
r-devel-linux-x86_64-fedora-clang | 0.1.2 | 32.61 | NOTE | |||
r-devel-linux-x86_64-fedora-gcc | 0.1.2 | 32.71 | NOTE | |||
r-devel-windows-ix86+x86_64 | 0.1.2 | 4.00 | 45.00 | 49.00 | OK | |
r-patched-linux-x86_64 | 0.1.2 | 0.90 | 28.80 | 29.70 | OK | |
r-patched-solaris-x86 | 0.1.2 | 3.10 | ERROR | |||
r-release-linux-x86_64 | 0.1.2 | 0.59 | 28.10 | 28.69 | OK | |
r-release-windows-ix86+x86_64 | 0.1.2 | 6.00 | 54.00 | 60.00 | OK | |
r-release-osx-x86_64 | 0.1.2 | OK | ||||
r-oldrel-osx-x86_64 | 0.1.2 | ERROR |
Version: 0.1.2
Check: DESCRIPTION meta-information
Result: NOTE
Dependence on R version ‘3.4.1’ not with patchlevel 0
Flavors: r-devel-linux-x86_64-debian-clang, r-devel-linux-x86_64-debian-gcc, r-devel-linux-x86_64-fedora-clang, r-devel-linux-x86_64-fedora-gcc
Version: 0.1.2
Check: package dependencies
Result: ERROR
Package required but not available: ‘FSelector’
See section ‘The DESCRIPTION file’ in the ‘Writing R Extensions’
manual.
Flavor: r-patched-solaris-x86
Version: 0.1.2
Check: whether package can be installed
Result: ERROR
Installation failed.
Flavor: r-oldrel-osx-x86_64