Last updated on 2018-02-24 09:51:32 CET.
Flavor | Version | Tinstall | Tcheck | Ttotal | Status | Flags |
---|---|---|---|---|---|---|
r-devel-linux-x86_64-debian-clang | 0.9-12 | 4.50 | 40.82 | 45.32 | NOTE | |
r-devel-linux-x86_64-debian-gcc | 0.9-12 | 3.49 | 31.56 | 35.05 | NOTE | |
r-devel-linux-x86_64-fedora-clang | 0.9-12 | 54.55 | NOTE | |||
r-devel-linux-x86_64-fedora-gcc | 0.9-12 | 56.28 | NOTE | |||
r-devel-windows-ix86+x86_64 | 0.9-12 | 10.00 | 81.00 | 91.00 | NOTE | |
r-patched-linux-x86_64 | 0.9-12 | 1.56 | 41.97 | 43.53 | NOTE | |
r-patched-solaris-x86 | 0.9-12 | 62.20 | NOTE | |||
r-release-linux-x86_64 | 0.9-12 | 1.79 | 41.80 | 43.59 | NOTE | |
r-release-windows-ix86+x86_64 | 0.9-12 | 7.00 | 80.00 | 87.00 | NOTE | |
r-release-osx-x86_64 | 0.9-12 | NOTE | ||||
r-oldrel-windows-ix86+x86_64 | 0.9-12 | 3.00 | 65.00 | 68.00 | NOTE | |
r-oldrel-osx-x86_64 | 0.9-12 | NOTE |
Version: 0.9-12
Check: R code for possible problems
Result: NOTE
..placeOrder: no visible global function definition for ‘str’
.reqMktData.vignette: no visible global function definition for
‘flush.console’
e_portfolio_value: no visible global function definition for ‘str’
print.eventPortfolioValue: no visible global function definition for
‘str’
print.twsContract: no visible global function definition for ‘str’
print.twsContractDetails: no visible global function definition for
‘str’
print.twsOrder: no visible global function definition for ‘str’
print.twsOrderState: no visible global function definition for ‘str’
print.twsScannerSubscription: no visible global function definition for
‘str’
reqAccountUpdates: no visible binding for global variable ‘timestamp’
reqContractDetails: no visible binding for global variable ‘timestamp’
reqHistoricalData: no visible global function definition for
‘flush.console’
reqHistoricalData: no visible global function definition for
‘write.table’
Undefined global functions or variables:
flush.console str timestamp write.table
Consider adding
importFrom("utils", "flush.console", "str", "timestamp", "write.table")
to your NAMESPACE file.
Flavors: r-devel-linux-x86_64-debian-clang, r-devel-linux-x86_64-debian-gcc, r-devel-linux-x86_64-fedora-clang, r-devel-linux-x86_64-fedora-gcc, r-devel-windows-ix86+x86_64, r-patched-linux-x86_64, r-patched-solaris-x86, r-release-linux-x86_64, r-release-windows-ix86+x86_64, r-release-osx-x86_64, r-oldrel-windows-ix86+x86_64, r-oldrel-osx-x86_64