Last updated on 2018-02-24 09:51:32 CET.
Flavor | Version | Tinstall | Tcheck | Ttotal | Status | Flags |
---|---|---|---|---|---|---|
r-devel-linux-x86_64-debian-clang | 1.2.3 | 2.12 | 36.64 | 38.76 | NOTE | |
r-devel-linux-x86_64-debian-gcc | 1.2.3 | 1.62 | 29.00 | 30.62 | NOTE | |
r-devel-linux-x86_64-fedora-clang | 1.2.3 | 47.76 | NOTE | |||
r-devel-linux-x86_64-fedora-gcc | 1.2.3 | 47.22 | NOTE | |||
r-devel-windows-ix86+x86_64 | 1.2.3 | 7.00 | 65.00 | 72.00 | NOTE | |
r-patched-linux-x86_64 | 1.2.3 | 1.88 | 43.66 | 45.54 | NOTE | |
r-patched-solaris-x86 | 1.2.3 | 72.80 | NOTE | |||
r-release-linux-x86_64 | 1.2.3 | 2.15 | 43.68 | 45.83 | NOTE | |
r-release-windows-ix86+x86_64 | 1.2.3 | 7.00 | 76.00 | 83.00 | NOTE | |
r-release-osx-x86_64 | 1.2.3 | NOTE | ||||
r-oldrel-windows-ix86+x86_64 | 1.2.3 | 5.00 | 49.00 | 54.00 | OK | |
r-oldrel-osx-x86_64 | 1.2.3 | OK |
Version: 1.2.3
Check: DESCRIPTION meta-information
Result: NOTE
BugReports field should be the URL of a single webpage
Flavors: r-devel-linux-x86_64-debian-clang, r-devel-linux-x86_64-debian-gcc, r-devel-linux-x86_64-fedora-clang, r-devel-linux-x86_64-fedora-gcc, r-devel-windows-ix86+x86_64, r-patched-linux-x86_64, r-patched-solaris-x86, r-release-linux-x86_64, r-release-windows-ix86+x86_64, r-release-osx-x86_64