Last updated on 2018-02-24 09:51:33 CET.
Flavor | Version | Tinstall | Tcheck | Ttotal | Status | Flags |
---|---|---|---|---|---|---|
r-devel-linux-x86_64-debian-clang | 1.0 | 9.21 | 87.85 | 97.06 | OK | |
r-devel-linux-x86_64-debian-gcc | 1.0 | 6.61 | 69.88 | 76.49 | OK | |
r-devel-linux-x86_64-fedora-clang | 1.0 | 118.40 | NOTE | |||
r-devel-linux-x86_64-fedora-gcc | 1.0 | 120.23 | NOTE | |||
r-devel-windows-ix86+x86_64 | 1.0 | 19.00 | 139.00 | 158.00 | OK | |
r-patched-linux-x86_64 | 1.0 | 5.36 | 90.66 | 96.02 | OK | |
r-release-linux-x86_64 | 1.0 | 5.30 | 91.02 | 96.32 | OK | |
r-release-windows-ix86+x86_64 | 1.0 | 23.00 | 137.00 | 160.00 | OK | |
r-release-osx-x86_64 | 1.0 | ERROR | ||||
r-oldrel-windows-ix86+x86_64 | 1.0 | 15.00 | 91.00 | 106.00 | OK | |
r-oldrel-osx-x86_64 | 1.0 | NOTE |
Version: 1.0
Check: dependencies in R code
Result: NOTE
Namespaces in Imports field not imported from:
‘fAssets’ ‘timeDate’
All declared Imports should be used.
Flavors: r-devel-linux-x86_64-fedora-clang, r-devel-linux-x86_64-fedora-gcc, r-oldrel-osx-x86_64
Version: 1.0
Check: package dependencies
Result: ERROR
Package required but not available: ‘fPortfolio’
See section ‘The DESCRIPTION file’ in the ‘Writing R Extensions’
manual.
Flavor: r-release-osx-x86_64