Last updated on 2018-02-24 09:51:34 CET.
Flavor | Version | Tinstall | Tcheck | Ttotal | Status | Flags |
---|---|---|---|---|---|---|
r-devel-linux-x86_64-debian-clang | 0.3.2 | 1.71 | 21.20 | 22.91 | OK | |
r-devel-linux-x86_64-debian-gcc | 0.3.2 | 1.41 | 16.95 | 18.36 | OK | |
r-devel-linux-x86_64-fedora-clang | 0.3.2 | 28.01 | OK | |||
r-devel-linux-x86_64-fedora-gcc | 0.3.2 | 27.26 | OK | |||
r-devel-windows-ix86+x86_64 | 0.3.2 | 5.00 | 47.00 | 52.00 | OK | |
r-patched-linux-x86_64 | 0.3.2 | 1.64 | 20.44 | 22.08 | OK | |
r-patched-solaris-x86 | 0.3.2 | 38.00 | OK | |||
r-release-linux-x86_64 | 0.3.2 | 1.33 | 20.39 | 21.72 | OK | |
r-release-windows-ix86+x86_64 | 0.3.2 | 4.00 | 42.00 | 46.00 | OK | |
r-release-osx-x86_64 | 0.3.2 | WARN | ||||
r-oldrel-windows-ix86+x86_64 | 0.3.2 | 3.00 | 31.00 | 34.00 | OK | |
r-oldrel-osx-x86_64 | 0.3.2 | OK |
Version: 0.3.2
Check: package dependencies
Result: NOTE
Package suggested but not available for checking: ‘topicmodels’
Flavor: r-release-osx-x86_64
Version: 0.3.2
Check: re-building of vignette outputs
Result: WARN
Error in re-building vignettes:
...
Warning: running command 'kpsewhich framed.sty' had status 1
Warning in test_latex_pkg("framed", system.file("misc", "framed.sty", package = "knitr")) :
unable to find LaTeX package 'framed'; will use a copy from knitr
Error in texi2dvi(file = file, pdf = TRUE, clean = clean, quiet = quiet, :
Running 'texi2dvi' on 'details.tex' failed.
LaTeX errors:
! LaTeX Error: File `multirow.sty' not found.
Type X to quit or <RETURN> to proceed,
or enter new name. (Default extension: sty)
! Emergency stop.
<read *>
l.60 ^^M
! ==> Fatal error occurred, no output PDF file produced!
Calls: buildVignettes -> texi2pdf -> texi2dvi
Execution halted
Flavor: r-release-osx-x86_64