Last updated on 2018-02-24 09:51:34 CET.
Flavor | Version | Tinstall | Tcheck | Ttotal | Status | Flags |
---|---|---|---|---|---|---|
r-devel-linux-x86_64-debian-clang | 1.4.9 | 6.87 | 154.15 | 161.02 | OK | |
r-devel-linux-x86_64-debian-gcc | 1.4.9 | 5.83 | 120.71 | 126.54 | OK | |
r-devel-linux-x86_64-fedora-clang | 1.4.9 | 196.07 | OK | |||
r-devel-linux-x86_64-fedora-gcc | 1.4.9 | 197.79 | OK | |||
r-devel-windows-ix86+x86_64 | 1.4.9 | 12.00 | 225.00 | 237.00 | NOTE | |
r-patched-linux-x86_64 | 1.4.9 | 5.65 | 155.05 | 160.70 | OK | |
r-patched-solaris-x86 | 1.4.9 | 211.50 | OK | |||
r-release-linux-x86_64 | 1.4.9 | 5.93 | 154.08 | 160.01 | OK | |
r-release-windows-ix86+x86_64 | 1.4.9 | 12.00 | 221.00 | 233.00 | NOTE | |
r-release-osx-x86_64 | 1.4.9 | OK | ||||
r-oldrel-windows-ix86+x86_64 | 1.4.9 | 9.00 | 173.00 | 182.00 | NOTE | |
r-oldrel-osx-x86_64 | 1.4.9 | OK |
Version: 1.4.9
Check: package dependencies
Result: NOTE
Package suggested but not available for checking: 'doMC'
Flavors: r-devel-windows-ix86+x86_64, r-release-windows-ix86+x86_64, r-oldrel-windows-ix86+x86_64