CRAN Package Check Results for Package MCI

Last updated on 2018-02-24 09:51:35 CET.

Flavor Version Tinstall Tcheck Ttotal Status Flags
r-devel-linux-x86_64-debian-clang 1.3.3 2.58 51.74 54.32 OK
r-devel-linux-x86_64-debian-gcc 1.3.3 1.95 36.39 38.34 OK
r-devel-linux-x86_64-fedora-clang 1.3.3 61.49 NOTE
r-devel-linux-x86_64-fedora-gcc 1.3.3 60.24 NOTE
r-devel-windows-ix86+x86_64 1.3.3 6.00 70.00 76.00 OK
r-patched-linux-x86_64 1.3.3 1.02 47.96 48.98 OK
r-patched-solaris-x86 1.3.3 66.20 NOTE
r-release-linux-x86_64 1.3.3 1.11 48.22 49.33 OK
r-release-windows-ix86+x86_64 1.3.3 4.00 59.00 63.00 OK
r-release-osx-x86_64 1.3.3 NOTE
r-oldrel-windows-ix86+x86_64 1.3.3 4.00 48.00 52.00 OK
r-oldrel-osx-x86_64 1.3.3 NOTE

Check Details

Version: 1.3.3
Check: data for non-ASCII characters
Result: NOTE
     Note: found 46 marked UTF-8 strings
Flavors: r-devel-linux-x86_64-fedora-clang, r-devel-linux-x86_64-fedora-gcc, r-patched-solaris-x86, r-release-osx-x86_64, r-oldrel-osx-x86_64