CRAN Package Check Results for Package MCTM

Last updated on 2018-02-24 09:51:35 CET.

Flavor Version Tinstall Tcheck Ttotal Status Flags
r-devel-linux-x86_64-debian-clang 1.0 0.97 15.46 16.43 NOTE
r-devel-linux-x86_64-debian-gcc 1.0 0.81 12.22 13.03 NOTE
r-devel-linux-x86_64-fedora-clang 1.0 19.92 NOTE
r-devel-linux-x86_64-fedora-gcc 1.0 19.00 NOTE
r-devel-windows-ix86+x86_64 1.0 3.00 31.00 34.00 NOTE
r-patched-linux-x86_64 1.0 0.57 14.33 14.90 NOTE
r-patched-solaris-x86 1.0 25.20 NOTE
r-release-linux-x86_64 1.0 0.66 14.38 15.04 NOTE
r-release-windows-ix86+x86_64 1.0 3.00 24.00 27.00 NOTE
r-release-osx-x86_64 1.0 NOTE
r-oldrel-windows-ix86+x86_64 1.0 2.00 21.00 23.00 NOTE
r-oldrel-osx-x86_64 1.0 NOTE

Check Details

Version: 1.0
Check: DESCRIPTION meta-information
Result: NOTE
    Checking should be performed on sources prepared by ‘R CMD build’.
Flavors: r-devel-linux-x86_64-debian-clang, r-devel-linux-x86_64-debian-gcc, r-devel-linux-x86_64-fedora-clang, r-devel-linux-x86_64-fedora-gcc, r-devel-windows-ix86+x86_64, r-patched-linux-x86_64, r-patched-solaris-x86, r-release-linux-x86_64, r-release-windows-ix86+x86_64, r-release-osx-x86_64, r-oldrel-windows-ix86+x86_64, r-oldrel-osx-x86_64