Last updated on 2018-02-24 09:51:36 CET.
Flavor | Version | Tinstall | Tcheck | Ttotal | Status | Flags |
---|---|---|---|---|---|---|
r-devel-linux-x86_64-debian-clang | 1.1.1 | 0.99 | 19.21 | 20.20 | OK | |
r-devel-linux-x86_64-debian-gcc | 1.1.1 | 1.10 | 15.32 | 16.42 | OK | |
r-devel-linux-x86_64-fedora-clang | 1.1.1 | 24.70 | NOTE | |||
r-devel-linux-x86_64-fedora-gcc | 1.1.1 | 24.34 | NOTE | |||
r-devel-windows-ix86+x86_64 | 1.1.1 | 6.00 | 41.00 | 47.00 | OK | |
r-patched-linux-x86_64 | 1.1.1 | 1.04 | 19.29 | 20.33 | OK | |
r-patched-solaris-x86 | 1.1.1 | 33.60 | NOTE | |||
r-release-linux-x86_64 | 1.1.1 | 0.90 | 19.18 | 20.08 | OK | |
r-release-windows-ix86+x86_64 | 1.1.1 | 5.00 | 40.00 | 45.00 | OK | |
r-release-osx-x86_64 | 1.1.1 | NOTE | ||||
r-oldrel-windows-ix86+x86_64 | 1.1.1 | 3.00 | 36.00 | 39.00 | OK | |
r-oldrel-osx-x86_64 | 1.1.1 | NOTE |
Version: 1.1.1
Check: dependencies in R code
Result: NOTE
Namespace in Imports field not imported from: ‘utils’
All declared Imports should be used.
Flavors: r-devel-linux-x86_64-fedora-clang, r-devel-linux-x86_64-fedora-gcc, r-patched-solaris-x86, r-release-osx-x86_64, r-oldrel-osx-x86_64