CRAN Package Check Results for Package MM2S

Last updated on 2018-02-24 09:51:37 CET.

Flavor Version Tinstall Tcheck Ttotal Status Flags
r-devel-linux-x86_64-debian-clang 1.0.5 15.44 241.94 257.38 OK
r-devel-linux-x86_64-debian-gcc 1.0.5 12.44 189.12 201.56 OK
r-devel-windows-ix86+x86_64 1.0.5 32.00 300.00 332.00 OK
r-patched-linux-x86_64 1.0.5 13.02 273.60 286.62 OK
r-patched-solaris-x86 1.0.5 478.50 OK
r-release-linux-x86_64 1.0.5 14.07 260.71 274.78 OK
r-release-windows-ix86+x86_64 1.0.5 33.00 346.00 379.00 OK
r-release-osx-x86_64 1.0.5 ERROR
r-oldrel-windows-ix86+x86_64 1.0.5 22.00 248.00 270.00 OK
r-oldrel-osx-x86_64 1.0.5 OK

Check Details

Version: 1.0.5
Check: package dependencies
Result: ERROR
    Package required but not available: ‘GSVA’
    
    See section ‘The DESCRIPTION file’ in the ‘Writing R Extensions’
    manual.
Flavor: r-release-osx-x86_64