Last updated on 2018-02-24 09:51:35 CET.
Flavor | Version | Tinstall | Tcheck | Ttotal | Status | Flags |
---|---|---|---|---|---|---|
r-devel-linux-x86_64-debian-clang | 1.0.1 | 19.24 | 215.34 | 234.58 | OK | |
r-devel-linux-x86_64-debian-gcc | 1.0.1 | 14.11 | 163.73 | 177.84 | OK | |
r-devel-linux-x86_64-fedora-clang | 1.0.1 | 282.42 | NOTE | |||
r-devel-linux-x86_64-fedora-gcc | 1.0.1 | 286.69 | NOTE | |||
r-devel-windows-ix86+x86_64 | 1.0.1 | 40.00 | 304.00 | 344.00 | OK | |
r-patched-linux-x86_64 | 1.0.1 | 9.08 | 235.45 | 244.53 | OK | |
r-patched-solaris-x86 | 1.0.1 | 443.20 | NOTE | |||
r-release-linux-x86_64 | 1.0.1 | 9.60 | 238.54 | 248.14 | OK | |
r-release-windows-ix86+x86_64 | 1.0.1 | 28.00 | 327.00 | 355.00 | OK | |
r-release-osx-x86_64 | 1.0.1 | NOTE | ||||
r-oldrel-windows-ix86+x86_64 | 1.0.1 | 21.00 | 240.00 | 261.00 | OK | |
r-oldrel-osx-x86_64 | 1.0.1 | NOTE |
Version: 1.0.1
Check: dependencies in R code
Result: NOTE
Namespace in Imports field not imported from: ‘knitr’
All declared Imports should be used.
Flavors: r-devel-linux-x86_64-fedora-clang, r-devel-linux-x86_64-fedora-gcc, r-patched-solaris-x86, r-release-osx-x86_64, r-oldrel-osx-x86_64