CRAN Package Check Results for Package MetaheuristicFPA

Last updated on 2018-02-24 09:51:35 CET.

Flavor Version Tinstall Tcheck Ttotal Status Flags
r-devel-linux-x86_64-debian-clang 1.0 19.25 19.77 39.02 NOTE
r-devel-linux-x86_64-debian-gcc 1.0 16.76 15.90 32.66 NOTE
r-devel-linux-x86_64-fedora-clang 1.0 55.78 NOTE
r-devel-linux-x86_64-fedora-gcc 1.0 53.00 NOTE
r-devel-windows-ix86+x86_64 1.0 63.00 62.00 125.00 OK
r-patched-linux-x86_64 1.0 20.38 19.07 39.45 NOTE
r-patched-solaris-x86 1.0 64.40 OK
r-release-linux-x86_64 1.0 21.53 19.09 40.62 NOTE
r-release-windows-ix86+x86_64 1.0 45.00 58.00 103.00 OK
r-release-osx-x86_64 1.0 OK
r-oldrel-windows-ix86+x86_64 1.0 44.00 43.00 87.00 OK
r-oldrel-osx-x86_64 1.0 OK

Check Details

Version: 1.0
Check: compiled code
Result: NOTE
    File ‘MetaheuristicFPA/libs/MetaheuristicFPA.so’:
     Found no calls to: ‘R_registerRoutines’, ‘R_useDynamicSymbols’
    
    It is good practice to register native routines and to disable symbol
    search.
    
    See ‘Writing portable packages’ in the ‘Writing R Extensions’ manual.
Flavors: r-devel-linux-x86_64-debian-clang, r-devel-linux-x86_64-debian-gcc, r-devel-linux-x86_64-fedora-clang, r-devel-linux-x86_64-fedora-gcc, r-patched-linux-x86_64, r-release-linux-x86_64