CRAN Package Check Results for Package MortHump

Last updated on 2018-02-24 09:51:37 CET.

Flavor Version Tinstall Tcheck Ttotal Status Flags
r-devel-linux-x86_64-debian-clang 0.2 7.21 123.41 130.62 WARN
r-devel-linux-x86_64-debian-gcc 0.2 5.83 95.57 101.40 WARN
r-devel-linux-x86_64-fedora-clang 0.2 165.30 WARN
r-devel-linux-x86_64-fedora-gcc 0.2 169.75 WARN
r-devel-windows-ix86+x86_64 0.2 23.00 172.00 195.00 WARN
r-patched-linux-x86_64 0.2 5.57 134.63 140.20 OK
r-patched-solaris-x86 0.2 238.50 OK
r-release-linux-x86_64 0.2 5.64 132.88 138.52 OK
r-release-windows-ix86+x86_64 0.2 23.00 192.00 215.00 OK
r-release-osx-x86_64 0.2 OK
r-oldrel-windows-ix86+x86_64 0.2 18.00 134.00 152.00 OK

Check Details

Version: 0.2
Check: whether package can be installed
Result: WARN
    Found the following significant warnings:
     Note: break may be used in wrong context: no loop is visible
Flavors: r-devel-linux-x86_64-debian-clang, r-devel-linux-x86_64-debian-gcc, r-devel-linux-x86_64-fedora-clang, r-devel-linux-x86_64-fedora-gcc, r-devel-windows-ix86+x86_64