Last updated on 2018-02-24 09:51:37 CET.
Flavor | Version | Tinstall | Tcheck | Ttotal | Status | Flags |
---|---|---|---|---|---|---|
r-devel-linux-x86_64-debian-clang | 1.2 | 1.02 | 15.70 | 16.72 | OK | |
r-devel-linux-x86_64-debian-gcc | 1.2 | 0.78 | 12.51 | 13.29 | OK | |
r-devel-linux-x86_64-fedora-clang | 1.2 | 20.34 | OK | |||
r-devel-linux-x86_64-fedora-gcc | 1.2 | 20.39 | OK | |||
r-devel-windows-ix86+x86_64 | 1.2 | 4.00 | 37.00 | 41.00 | OK | |
r-patched-linux-x86_64 | 1.2 | 0.78 | 15.18 | 15.96 | OK | |
r-patched-solaris-x86 | 1.2 | 26.30 | OK | |||
r-release-linux-x86_64 | 1.2 | 0.79 | 15.04 | 15.83 | OK | |
r-release-windows-ix86+x86_64 | 1.2 | 2.00 | 25.00 | 27.00 | OK | |
r-release-osx-x86_64 | 1.2 | ERROR | ||||
r-oldrel-windows-ix86+x86_64 | 1.2 | 2.00 | 34.00 | 36.00 | OK | |
r-oldrel-osx-x86_64 | 1.2 | OK |
Version: 1.2
Check: package dependencies
Result: ERROR
Package required but not available: ‘Rglpk’
See section ‘The DESCRIPTION file’ in the ‘Writing R Extensions’
manual.
Flavor: r-release-osx-x86_64