CRAN Package Check Results for Package NPflow

Last updated on 2018-02-24 09:51:39 CET.

Flavor Version Tinstall Tcheck Ttotal Status Flags
r-devel-linux-x86_64-debian-clang 0.13.1 178.12 93.44 271.56 OK
r-devel-linux-x86_64-debian-gcc 0.13.1 151.80 68.18 219.98 OK
r-devel-linux-x86_64-fedora-clang 0.13.1 392.89 NOTE
r-devel-linux-x86_64-fedora-gcc 0.13.1 379.25 NOTE
r-devel-windows-ix86+x86_64 0.13.1 472.00 225.00 697.00 OK
r-patched-linux-x86_64 0.13.1 179.69 95.51 275.20 OK
r-patched-solaris-x86 0.13.1 337.40 OK
r-release-linux-x86_64 0.13.1 182.78 94.74 277.52 OK
r-release-windows-ix86+x86_64 0.13.1 519.00 217.00 736.00 OK
r-release-osx-x86_64 0.13.1 OK
r-oldrel-windows-ix86+x86_64 0.13.1 378.00 162.00 540.00 OK
r-oldrel-osx-x86_64 0.13.1 NOTE

Check Details

Version: 0.13.1
Check: installed package size
Result: NOTE
     installed size is 8.0Mb
     sub-directories of 1Mb or more:
     libs 7.4Mb
Flavors: r-devel-linux-x86_64-fedora-clang, r-devel-linux-x86_64-fedora-gcc, r-oldrel-osx-x86_64