Last updated on 2018-02-24 09:51:40 CET.
Flavor | Version | Tinstall | Tcheck | Ttotal | Status | Flags |
---|---|---|---|---|---|---|
r-devel-linux-x86_64-debian-clang | 0.1 | 2.11 | 28.64 | 30.75 | NOTE | |
r-devel-linux-x86_64-debian-gcc | 0.1 | 2.27 | 22.08 | 24.35 | NOTE | |
r-devel-linux-x86_64-fedora-clang | 0.1 | 37.28 | NOTE | |||
r-devel-linux-x86_64-fedora-gcc | 0.1 | 38.12 | NOTE | |||
r-devel-windows-ix86+x86_64 | 0.1 | 12.00 | 73.00 | 85.00 | OK | |
r-patched-linux-x86_64 | 0.1 | 2.23 | 28.95 | 31.18 | NOTE | |
r-patched-solaris-x86 | 0.1 | 52.40 | OK | |||
r-release-linux-x86_64 | 0.1 | 1.92 | 28.85 | 30.77 | NOTE | |
r-release-windows-ix86+x86_64 | 0.1 | 12.00 | 76.00 | 88.00 | OK | |
r-release-osx-x86_64 | 0.1 | OK | ||||
r-oldrel-windows-ix86+x86_64 | 0.1 | 8.00 | 53.00 | 61.00 | OK | |
r-oldrel-osx-x86_64 | 0.1 | OK |
Version: 0.1
Check: compiled code
Result: NOTE
File ‘PCA4TS/libs/PCA4TS.so’:
Found no calls to: ‘R_registerRoutines’, ‘R_useDynamicSymbols’
It is good practice to register native routines and to disable symbol
search.
See ‘Writing portable packages’ in the ‘Writing R Extensions’ manual.
Flavors: r-devel-linux-x86_64-debian-clang, r-devel-linux-x86_64-debian-gcc, r-devel-linux-x86_64-fedora-clang, r-devel-linux-x86_64-fedora-gcc, r-patched-linux-x86_64, r-release-linux-x86_64