Last updated on 2018-02-24 09:51:41 CET.
Flavor | Version | Tinstall | Tcheck | Ttotal | Status | Flags |
---|---|---|---|---|---|---|
r-devel-linux-x86_64-debian-clang | 2.1.1 | 58.08 | 57.60 | 115.68 | OK | |
r-devel-linux-x86_64-debian-gcc | 2.1.1 | 42.84 | 45.25 | 88.09 | OK | |
r-devel-linux-x86_64-fedora-clang | 2.1.1 | 160.69 | NOTE | |||
r-devel-linux-x86_64-fedora-gcc | 2.1.1 | 147.57 | NOTE | |||
r-devel-windows-ix86+x86_64 | 2.1.1 | 152.00 | 125.00 | 277.00 | OK | |
r-patched-linux-x86_64 | 2.1.1 | 50.27 | 67.48 | 117.75 | OK | |
r-patched-solaris-x86 | 2.1.1 | 155.20 | NOTE | |||
r-release-linux-x86_64 | 2.1.1 | 53.12 | 65.26 | 118.38 | OK | |
r-release-windows-ix86+x86_64 | 2.1.1 | 167.00 | 133.00 | 300.00 | OK | |
r-release-osx-x86_64 | 2.1.1 | NOTE | ||||
r-oldrel-windows-ix86+x86_64 | 2.1.1 | 117.00 | 89.00 | 206.00 | OK | |
r-oldrel-osx-x86_64 | 2.1.1 | NOTE |
Version: 2.1.1
Check: dependencies in R code
Result: NOTE
Namespace in Imports field not imported from: ‘purrr’
All declared Imports should be used.
Flavors: r-devel-linux-x86_64-fedora-clang, r-devel-linux-x86_64-fedora-gcc, r-patched-solaris-x86, r-release-osx-x86_64, r-oldrel-osx-x86_64