CRAN Package Check Results for Package QoLR

Last updated on 2018-02-24 09:51:43 CET.

Flavor Version Tinstall Tcheck Ttotal Status Flags
r-devel-linux-x86_64-debian-clang 1.0.3 10.78 71.98 82.76 WARN
r-devel-linux-x86_64-debian-gcc 1.0.3 9.60 56.32 65.92 WARN
r-devel-linux-x86_64-fedora-clang 1.0.3 103.75 WARN
r-devel-linux-x86_64-fedora-gcc 1.0.3 101.27 WARN
r-devel-windows-ix86+x86_64 1.0.3 19.00 105.00 124.00 WARN
r-patched-linux-x86_64 1.0.3 4.18 76.84 81.02 OK
r-patched-solaris-x86 1.0.3 135.00 OK
r-release-linux-x86_64 1.0.3 4.39 76.71 81.10 OK
r-release-windows-ix86+x86_64 1.0.3 11.00 110.00 121.00 OK
r-release-osx-x86_64 1.0.3 OK
r-oldrel-windows-ix86+x86_64 1.0.3 7.00 78.00 85.00 OK
r-oldrel-osx-x86_64 1.0.3 OK

Check Details

Version: 1.0.3
Check: whether package can be installed
Result: WARN
    Found the following significant warnings:
     Note: break may be used in wrong context: no loop is visible
Flavors: r-devel-linux-x86_64-debian-clang, r-devel-linux-x86_64-debian-gcc, r-devel-linux-x86_64-fedora-clang, r-devel-linux-x86_64-fedora-gcc, r-devel-windows-ix86+x86_64