Last updated on 2018-02-24 09:51:44 CET.
Flavor | Version | Tinstall | Tcheck | Ttotal | Status | Flags |
---|---|---|---|---|---|---|
r-devel-linux-x86_64-debian-clang | 0.4.0 | 67.62 | 34.63 | 102.25 | OK | |
r-devel-linux-x86_64-debian-gcc | 0.4.0 | 59.35 | 27.30 | 86.65 | OK | |
r-devel-linux-x86_64-fedora-clang | 0.4.0 | 166.25 | NOTE | |||
r-devel-linux-x86_64-fedora-gcc | 0.4.0 | 136.54 | NOTE | |||
r-devel-windows-ix86+x86_64 | 0.4.0 | 196.00 | 102.00 | 298.00 | OK | |
r-patched-linux-x86_64 | 0.4.0 | 70.26 | 36.09 | 106.35 | OK | |
r-patched-solaris-x86 | 0.4.0 | 137.20 | OK | |||
r-release-linux-x86_64 | 0.4.0 | 66.58 | 35.91 | 102.49 | OK | |
r-release-windows-ix86+x86_64 | 0.4.0 | 206.00 | 102.00 | 308.00 | OK | |
r-release-osx-x86_64 | 0.4.0 | WARN | ||||
r-oldrel-windows-ix86+x86_64 | 0.4.0 | 160.00 | 69.00 | 229.00 | OK | |
r-oldrel-osx-x86_64 | 0.3.0 | WARN |
Version: 0.4.0
Check: installed package size
Result: NOTE
installed size is 12.4Mb
sub-directories of 1Mb or more:
libs 12.2Mb
Flavors: r-devel-linux-x86_64-fedora-clang, r-devel-linux-x86_64-fedora-gcc, r-release-osx-x86_64
Version: 0.4.0
Check: for executable files
Result: WARN
Found the following executable file:
src/vendor/clickhouse-cpp/contrib/lz4/LICENSE
Source packages should not contain undeclared executable files.
See section ‘Package structure’ in the ‘Writing R Extensions’ manual.
Flavor: r-release-osx-x86_64
Version: 0.3.0
Check: for executable files
Result: WARN
Found the following executable file:
src/vendor/clickhouse-cpp/contrib/lz4/LICENSE
Source packages should not contain undeclared executable files.
See section ‘Package structure’ in the ‘Writing R Extensions’ manual.
Flavor: r-oldrel-osx-x86_64
Version: 0.3.0
Check: installed package size
Result: NOTE
installed size is 10.7Mb
sub-directories of 1Mb or more:
libs 10.6Mb
Flavor: r-oldrel-osx-x86_64