Last updated on 2018-02-24 09:51:45 CET.
Flavor | Version | Tinstall | Tcheck | Ttotal | Status | Flags |
---|---|---|---|---|---|---|
r-devel-linux-x86_64-debian-clang | 0.3.1 | 1.75 | 24.06 | 25.81 | NOTE | |
r-devel-linux-x86_64-debian-gcc | 0.3.1 | 1.41 | 19.25 | 20.66 | NOTE | |
r-devel-linux-x86_64-fedora-clang | 0.3.1 | 31.56 | NOTE | |||
r-devel-linux-x86_64-fedora-gcc | 0.3.1 | 31.07 | NOTE | |||
r-devel-windows-ix86+x86_64 | 0.3.1 | 5.00 | 45.00 | 50.00 | NOTE | |
r-patched-linux-x86_64 | 0.3.1 | 1.54 | 24.30 | 25.84 | NOTE | |
r-patched-solaris-x86 | 0.3.1 | 42.40 | NOTE | |||
r-release-linux-x86_64 | 0.3.1 | 1.48 | 24.23 | 25.71 | NOTE | |
r-release-windows-ix86+x86_64 | 0.3.1 | 8.00 | 45.00 | 53.00 | NOTE | |
r-release-osx-x86_64 | 0.3.1 | NOTE | ||||
r-oldrel-windows-ix86+x86_64 | 0.3.1 | 3.00 | 31.00 | 34.00 | NOTE | |
r-oldrel-osx-x86_64 | 0.3.1 | NOTE |
Version: 0.3.1
Check: DESCRIPTION meta-information
Result: NOTE
Malformed Description field: should contain one or more complete sentences.
License components which are templates and need '+ file LICENSE':
BSD 3-clause License
Flavors: r-devel-linux-x86_64-debian-clang, r-devel-linux-x86_64-debian-gcc, r-devel-linux-x86_64-fedora-clang, r-devel-linux-x86_64-fedora-gcc, r-patched-linux-x86_64, r-patched-solaris-x86, r-release-linux-x86_64, r-release-osx-x86_64, r-oldrel-osx-x86_64
Version: 0.3.1
Check: dependencies in R code
Result: NOTE
Packages in Depends field not imported from:
‘XML’ ‘xts’
These packages need to be imported from (in the NAMESPACE file)
for when this namespace is loaded but not attached.
Flavors: r-devel-linux-x86_64-debian-clang, r-devel-linux-x86_64-debian-gcc, r-devel-linux-x86_64-fedora-clang, r-devel-linux-x86_64-fedora-gcc, r-devel-windows-ix86+x86_64, r-patched-linux-x86_64, r-patched-solaris-x86, r-release-linux-x86_64, r-release-windows-ix86+x86_64, r-release-osx-x86_64, r-oldrel-windows-ix86+x86_64, r-oldrel-osx-x86_64
Version: 0.3.1
Check: R code for possible problems
Result: NOTE
quoteFXTsData : function.fx: no visible global function definition for
‘xmlValue’
quoteFundTsData : function.fund: no visible global function definition
for ‘xmlValue’
quoteStockTsData : function.stock: no visible global function
definition for ‘xmlSize’
quoteStockTsData : function.stock: no visible global function
definition for ‘xmlValue’
quoteTsData: no visible global function definition for ‘xmlRoot’
quoteTsData: no visible global function definition for ‘htmlTreeParse’
quoteTsData: no visible global function definition for
‘xmlErrorCumulator’
quoteTsData: no visible global function definition for ‘xmlSize’
toXts: no visible global function definition for ‘as.xts’
Undefined global functions or variables:
as.xts htmlTreeParse xmlErrorCumulator xmlRoot xmlSize xmlValue
Flavors: r-devel-linux-x86_64-debian-clang, r-devel-linux-x86_64-debian-gcc, r-devel-linux-x86_64-fedora-clang, r-devel-linux-x86_64-fedora-gcc, r-devel-windows-ix86+x86_64, r-patched-linux-x86_64, r-patched-solaris-x86, r-release-linux-x86_64, r-release-windows-ix86+x86_64, r-release-osx-x86_64, r-oldrel-windows-ix86+x86_64, r-oldrel-osx-x86_64
Version: 0.3.1
Check: DESCRIPTION meta-information
Result: NOTE
Malformed Description field: should contain one or more complete sentences.
Flavors: r-devel-windows-ix86+x86_64, r-release-windows-ix86+x86_64, r-oldrel-windows-ix86+x86_64