Last updated on 2018-02-24 09:51:46 CET.
Flavor | Version | Tinstall | Tcheck | Ttotal | Status | Flags |
---|---|---|---|---|---|---|
r-devel-linux-x86_64-debian-clang | 0.2.3 | 32.67 | 212.76 | 245.43 | OK | |
r-devel-linux-x86_64-debian-gcc | 0.2.3 | 28.58 | 157.42 | 186.00 | OK | |
r-devel-linux-x86_64-fedora-clang | 0.2.3 | 305.14 | OK | |||
r-devel-linux-x86_64-fedora-gcc | 0.2.3 | 300.82 | OK | |||
r-devel-windows-ix86+x86_64 | 0.2.3 | 89.00 | 321.00 | 410.00 | OK | |
r-patched-linux-x86_64 | 0.2.3 | 35.08 | 238.12 | 273.20 | OK | |
r-patched-solaris-x86 | 0.2.3 | 304.00 | WARN | |||
r-release-linux-x86_64 | 0.2.3 | 32.03 | 230.65 | 262.68 | OK | |
r-release-windows-ix86+x86_64 | 0.2.3 | 99.00 | 361.00 | 460.00 | OK | |
r-release-osx-x86_64 | 0.2.3 | OK | ||||
r-oldrel-windows-ix86+x86_64 | 0.2.3 | 69.00 | 267.00 | 336.00 | OK | |
r-oldrel-osx-x86_64 | 0.2.3 | OK |
Version: 0.2.3
Check: re-building of vignette outputs
Result: WARN
Error in re-building vignettes:
...
Warning in engine$weave(file, quiet = quiet, encoding = enc) :
Pandoc (>= 1.12.3) and/or pandoc-citeproc not available. Falling back to R Markdown v1.
Loading required package: Luminescence
Loading required package: magrittr
Welcome to the R package Luminescence version 0.7.5 [Built: 2018-02-15 16:00:26 UTC]
Push Pin: 'Made of used sample carriers'
Attaching package: 'RLumModel'
The following object is masked from 'package:Luminescence':
model_LuminescenceSignals
Warning in engine$weave(file, quiet = quiet, encoding = enc) :
Pandoc (>= 1.12.3) and/or pandoc-citeproc not available. Falling back to R Markdown v1.
Quitting from lines 125-154 (RLumModel_-_Simulating_luminescence_in_Al2O3.Rmd)
Error: processing vignette 'RLumModel_-_Simulating_luminescence_in_Al2O3.Rmd' failed with diagnostics:
subscript out of bounds
Execution halted
Flavor: r-patched-solaris-x86