Last updated on 2018-02-24 09:51:46 CET.
Flavor | Version | Tinstall | Tcheck | Ttotal | Status | Flags |
---|---|---|---|---|---|---|
r-devel-linux-x86_64-debian-clang | 1.9-1 | 6.11 | 21.77 | 27.88 | OK | |
r-devel-linux-x86_64-debian-gcc | 1.9-1 | 4.19 | 17.35 | 21.54 | OK | |
r-devel-linux-x86_64-fedora-clang | 1.9-1 | 32.92 | OK | |||
r-devel-linux-x86_64-fedora-gcc | 1.9-1 | 33.08 | OK | |||
r-devel-windows-ix86+x86_64 | 1.9-1 | 29.00 | 95.00 | 124.00 | NOTE | |
r-patched-linux-x86_64 | 1.9-1 | 4.10 | 23.06 | 27.16 | OK | |
r-patched-solaris-x86 | 1.9-1 | 60.60 | OK | |||
r-release-linux-x86_64 | 1.9-1 | 4.23 | 22.57 | 26.80 | OK | |
r-release-windows-ix86+x86_64 | 1.9-1 | 21.00 | 81.00 | 102.00 | NOTE | |
r-release-osx-x86_64 | 1.9-1 | NOTE | ||||
r-oldrel-windows-ix86+x86_64 | 1.9-1 | 21.00 | 58.00 | 79.00 | NOTE | |
r-oldrel-osx-x86_64 | 1.9-1 | NOTE |
Version: 1.9-1
Check: installed package size
Result: NOTE
installed size is 9.3Mb
sub-directories of 1Mb or more:
libs 8.9Mb
Flavors: r-devel-windows-ix86+x86_64, r-release-windows-ix86+x86_64, r-release-osx-x86_64, r-oldrel-windows-ix86+x86_64, r-oldrel-osx-x86_64