Last updated on 2018-02-24 09:51:46 CET.
Flavor | Version | Tinstall | Tcheck | Ttotal | Status | Flags |
---|---|---|---|---|---|---|
r-devel-linux-x86_64-debian-clang | 16.03 | 9.12 | 70.33 | 79.45 | OK | |
r-devel-linux-x86_64-debian-gcc | 16.03 | 5.55 | 55.40 | 60.95 | OK | |
r-devel-linux-x86_64-fedora-clang | 16.03 | 116.62 | NOTE | |||
r-devel-linux-x86_64-fedora-gcc | 16.03 | 117.64 | OK | |||
r-devel-windows-ix86+x86_64 | 16.03 | 12.00 | 120.00 | 132.00 | NOTE | |
r-patched-linux-x86_64 | 16.03 | 2.91 | 80.02 | 82.93 | OK | |
r-patched-solaris-x86 | 16.03 | 143.20 | OK | |||
r-release-linux-x86_64 | 16.03 | 3.57 | 77.11 | 80.68 | OK | |
r-release-windows-ix86+x86_64 | 16.03 | 13.00 | 153.00 | 166.00 | OK | |
r-release-osx-x86_64 | 16.03 | NOTE | ||||
r-oldrel-windows-ix86+x86_64 | 16.03 | 8.00 | 92.00 | 100.00 | OK | |
r-oldrel-osx-x86_64 | 16.03 | OK |
Version: 16.03
Check: package dependencies
Result: NOTE
Package suggested but not available for checking: ‘SSOAP’
Flavors: r-devel-linux-x86_64-fedora-clang, r-devel-windows-ix86+x86_64, r-release-osx-x86_64