Last updated on 2018-02-24 09:51:44 CET.
Flavor | Version | Tinstall | Tcheck | Ttotal | Status | Flags |
---|---|---|---|---|---|---|
r-devel-linux-x86_64-debian-clang | 0.3.8 | 117.44 | 26.30 | 143.74 | OK | |
r-devel-linux-x86_64-debian-gcc | 0.3.8 | 97.59 | 20.72 | 118.31 | OK | |
r-devel-linux-x86_64-fedora-clang | 0.3.8 | 224.52 | NOTE | |||
r-devel-linux-x86_64-fedora-gcc | 0.3.8 | 206.90 | NOTE | |||
r-devel-windows-ix86+x86_64 | 0.3.8 | 363.00 | 153.00 | 516.00 | NOTE | |
r-patched-linux-x86_64 | 0.3.8 | 125.85 | 27.71 | 153.56 | OK | |
r-release-linux-x86_64 | 0.3.8 | 124.35 | 27.20 | 151.55 | OK | |
r-release-windows-ix86+x86_64 | 0.3.8 | 269.00 | 161.00 | 430.00 | NOTE | |
r-release-osx-x86_64 | 0.3.8 | NOTE | ||||
r-oldrel-windows-ix86+x86_64 | 0.3.8 | 276.00 | 123.00 | 399.00 | NOTE | |
r-oldrel-osx-x86_64 | 0.3.6 | NOTE |
Version: 0.3.8
Check: installed package size
Result: NOTE
installed size is 15.0Mb
sub-directories of 1Mb or more:
blp 7.1Mb
libs 7.0Mb
Flavors: r-devel-linux-x86_64-fedora-clang, r-devel-linux-x86_64-fedora-gcc, r-devel-windows-ix86+x86_64, r-release-windows-ix86+x86_64, r-release-osx-x86_64, r-oldrel-windows-ix86+x86_64
Version: 0.3.6
Check: installed package size
Result: NOTE
installed size is 11.3Mb
sub-directories of 1Mb or more:
blp 5.9Mb
libs 4.5Mb
Flavor: r-oldrel-osx-x86_64