CRAN Package Check Results for Package SCORPIUS

Last updated on 2018-02-24 09:51:48 CET.

Flavor Version Tinstall Tcheck Ttotal Status Flags
r-devel-linux-x86_64-debian-clang 1.0 18.85 298.99 317.84 OK
r-devel-linux-x86_64-debian-gcc 1.0 14.77 230.34 245.11 OK
r-devel-linux-x86_64-fedora-clang 1.0 380.59 NOTE
r-devel-linux-x86_64-fedora-gcc 1.0 379.30 NOTE
r-devel-windows-ix86+x86_64 1.0 50.00 556.00 606.00 OK
r-patched-linux-x86_64 1.0 16.77 316.48 333.25 OK
r-patched-solaris-x86 1.0 857.50 NOTE
r-release-linux-x86_64 1.0 16.95 324.32 341.27 OK
r-release-windows-ix86+x86_64 1.0 49.00 584.00 633.00 OK
r-release-osx-x86_64 1.0 NOTE
r-oldrel-windows-ix86+x86_64 1.0 38.00 461.00 499.00 OK
r-oldrel-osx-x86_64 1.0 NOTE

Additional issues

OpenBLAS

Check Details

Version: 1.0
Check: dependencies in R code
Result: NOTE
    Namespaces in Imports field not imported from:
     ‘Rcpp’ ‘testthat’
     All declared Imports should be used.
Flavors: r-devel-linux-x86_64-fedora-clang, r-devel-linux-x86_64-fedora-gcc, r-patched-solaris-x86, r-release-osx-x86_64, r-oldrel-osx-x86_64