Last updated on 2018-02-24 09:51:49 CET.
Flavor | Version | Tinstall | Tcheck | Ttotal | Status | Flags |
---|---|---|---|---|---|---|
r-devel-linux-x86_64-debian-clang | 0.5.1 | 7.25 | 18.11 | 25.36 | NOTE | |
r-devel-linux-x86_64-debian-gcc | 0.5.1 | 4.23 | 14.66 | 18.89 | NOTE | |
r-devel-linux-x86_64-fedora-clang | 0.5.1 | 30.37 | NOTE | |||
r-devel-linux-x86_64-fedora-gcc | 0.5.1 | 27.83 | NOTE | |||
r-devel-windows-ix86+x86_64 | 0.5.1 | 42.00 | 48.00 | 90.00 | OK | |
r-patched-linux-x86_64 | 0.5.1 | 5.20 | 17.14 | 22.34 | NOTE | |
r-patched-solaris-x86 | 0.5.1 | 44.00 | OK | |||
r-release-linux-x86_64 | 0.5.1 | 5.29 | 16.86 | 22.15 | NOTE | |
r-release-windows-ix86+x86_64 | 0.5.1 | 28.00 | 33.00 | 61.00 | OK | |
r-release-osx-x86_64 | 0.5.1 | OK | ||||
r-oldrel-windows-ix86+x86_64 | 0.5.1 | 23.00 | 29.00 | 52.00 | OK | |
r-oldrel-osx-x86_64 | 0.5.1 | OK |
Version: 0.5.1
Check: compiled code
Result: NOTE
File ‘SnowballC/libs/SnowballC.so’:
Found no calls to: ‘R_registerRoutines’, ‘R_useDynamicSymbols’
It is good practice to register native routines and to disable symbol
search.
See ‘Writing portable packages’ in the ‘Writing R Extensions’ manual.
Flavors: r-devel-linux-x86_64-debian-clang, r-devel-linux-x86_64-debian-gcc, r-devel-linux-x86_64-fedora-clang, r-devel-linux-x86_64-fedora-gcc, r-patched-linux-x86_64, r-release-linux-x86_64