CRAN Package Check Results for Package SpaDES

Last updated on 2018-02-24 09:51:50 CET.

Flavor Version Tinstall Tcheck Ttotal Status Flags
r-devel-linux-x86_64-debian-clang 2.0.1 11.40 171.52 182.92 OK
r-devel-linux-x86_64-debian-gcc 2.0.1 10.20 135.77 145.97 OK
r-devel-linux-x86_64-fedora-clang 2.0.1 229.64 OK
r-devel-linux-x86_64-fedora-gcc 2.0.1 219.97 OK
r-devel-windows-ix86+x86_64 2.0.1 35.00 247.00 282.00 OK
r-patched-linux-x86_64 2.0.1 10.60 159.72 170.32 WARN
r-patched-solaris-x86 2.0.1 381.00 OK
r-release-linux-x86_64 2.0.1 9.42 155.98 165.40 WARN
r-release-windows-ix86+x86_64 2.0.1 35.00 281.00 316.00 OK
r-release-osx-x86_64 2.0.1 OK
r-oldrel-windows-ix86+x86_64 2.0.1 27.00 195.00 222.00 OK
r-oldrel-osx-x86_64 2.0.0 ERROR

Check Details

Version: 2.0.1
Check: re-building of vignette outputs
Result: WARN
    Error in re-building vignettes:
     ...
    
    Attaching package: 'igraph'
    
    The following objects are masked from 'package:stats':
    
     decompose, spectrum
    
    The following object is masked from 'package:base':
    
     union
    
    Loading required package: sp
    loading reproducible 0.1.4
    loading quickPlot 0.1.3
    loading SpaDES.core 0.1.1
    loading SpaDES.tools 0.1.1
    loading SpaDES.addins 0.1.1
    
    Default paths for SpaDES directories set to:
     cachePath: /tmp/RtmppcGCaq/SpaDES/cache
     inputPath: /tmp/RtmppcGCaq/SpaDES/inputs
     modulePath: /tmp/RtmppcGCaq/SpaDES/modules
     outputPath: /tmp/RtmppcGCaq/SpaDES/outputs
    These can be changed using 'setPaths()'. See '?setPaths'.
    Quitting from lines 48-61 (iii-cache.Rmd)
    Error: processing vignette ‘iii-cache.Rmd’ failed with diagnostics:
    cannot open the connection
    Execution halted
Flavor: r-patched-linux-x86_64

Version: 2.0.1
Check: re-building of vignette outputs
Result: WARN
    Error in re-building vignettes:
     ...
    
    Attaching package: 'igraph'
    
    The following objects are masked from 'package:stats':
    
     decompose, spectrum
    
    The following object is masked from 'package:base':
    
     union
    
    Loading required package: sp
    loading reproducible 0.1.4
    loading quickPlot 0.1.3
    loading SpaDES.core 0.1.1
    loading SpaDES.tools 0.1.1
    loading SpaDES.addins 0.1.1
    
    Default paths for SpaDES directories set to:
     cachePath: /tmp/Rtmp6ERkHd/SpaDES/cache
     inputPath: /tmp/Rtmp6ERkHd/SpaDES/inputs
     modulePath: /tmp/Rtmp6ERkHd/SpaDES/modules
     outputPath: /tmp/Rtmp6ERkHd/SpaDES/outputs
    These can be changed using 'setPaths()'. See '?setPaths'.
    Quitting from lines 48-61 (iii-cache.Rmd)
    Error: processing vignette ‘iii-cache.Rmd’ failed with diagnostics:
    cannot open the connection
    Execution halted
Flavor: r-release-linux-x86_64

Version: 2.0.0
Check: package dependencies
Result: ERROR
    Packages required but not available:
     ‘quickPlot’ ‘SpaDES.addins’ ‘SpaDES.core’ ‘SpaDES.tools’
    
    See section ‘The DESCRIPTION file’ in the ‘Writing R Extensions’
    manual.
Flavor: r-oldrel-osx-x86_64