Last updated on 2018-02-24 09:51:50 CET.
Flavor | Version | Tinstall | Tcheck | Ttotal | Status | Flags |
---|---|---|---|---|---|---|
r-devel-linux-x86_64-debian-clang | 0.3 | 1.00 | 18.67 | 19.67 | NOTE | |
r-devel-linux-x86_64-debian-gcc | 0.3 | 0.79 | 14.92 | 15.71 | NOTE | |
r-devel-linux-x86_64-fedora-clang | 0.3 | 25.07 | NOTE | |||
r-devel-linux-x86_64-fedora-gcc | 0.3 | 23.95 | NOTE | |||
r-devel-windows-ix86+x86_64 | 0.3 | 7.00 | 38.00 | 45.00 | OK | |
r-patched-linux-x86_64 | 0.3 | 1.00 | 20.82 | 21.82 | NOTE | |
r-patched-solaris-x86 | 0.3 | 34.60 | NOTE | |||
r-release-linux-x86_64 | 0.3 | 1.14 | 20.44 | 21.58 | NOTE | |
r-release-windows-ix86+x86_64 | 0.3 | 8.00 | 44.00 | 52.00 | OK | |
r-release-osx-x86_64 | 0.3 | NOTE | ||||
r-oldrel-windows-ix86+x86_64 | 0.3 | 5.00 | 25.00 | 30.00 | OK | |
r-oldrel-osx-x86_64 | 0.3 | NOTE |
Version: 0.3
Check: package dependencies
Result: NOTE
Package suggested but not available for checking: ‘INLA’
Flavors: r-devel-linux-x86_64-debian-clang, r-devel-linux-x86_64-debian-gcc, r-patched-linux-x86_64, r-patched-solaris-x86, r-release-linux-x86_64, r-release-osx-x86_64, r-oldrel-osx-x86_64
Version: 0.3
Check: dependencies in R code
Result: NOTE
Namespaces in Imports field not imported from:
‘RColorBrewer’ ‘SpatialEpi’ ‘dplyr’ ‘dygraphs’ ‘ggplot2’
‘htmlwidgets’ ‘knitr’ ‘leaflet’ ‘mapproj’ ‘maptools’ ‘rgdal’ ‘rgeos’
‘rmarkdown’ ‘shinyjs’ ‘spdep’ ‘xts’
All declared Imports should be used.
Flavors: r-devel-linux-x86_64-fedora-clang, r-devel-linux-x86_64-fedora-gcc, r-patched-solaris-x86, r-release-osx-x86_64, r-oldrel-osx-x86_64