Last updated on 2018-02-24 09:51:51 CET.
Flavor | Version | Tinstall | Tcheck | Ttotal | Status | Flags |
---|---|---|---|---|---|---|
r-devel-linux-x86_64-debian-clang | 1.0 | 17.25 | 20.08 | 37.33 | NOTE | |
r-devel-linux-x86_64-debian-gcc | 1.0 | 17.13 | 16.01 | 33.14 | NOTE | |
r-devel-linux-x86_64-fedora-clang | 1.0 | 58.80 | NOTE | |||
r-devel-linux-x86_64-fedora-gcc | 1.0 | 53.09 | NOTE | |||
r-devel-windows-ix86+x86_64 | 1.0 | 58.00 | 62.00 | 120.00 | OK | |
r-patched-linux-x86_64 | 1.0 | 21.13 | 20.29 | 41.42 | NOTE | |
r-patched-solaris-x86 | 1.0 | 66.30 | OK | |||
r-release-linux-x86_64 | 1.0 | 22.54 | 19.98 | 42.52 | NOTE | |
r-release-windows-ix86+x86_64 | 1.0 | 41.00 | 69.00 | 110.00 | OK | |
r-release-osx-x86_64 | 1.0 | OK | ||||
r-oldrel-windows-ix86+x86_64 | 1.0 | 45.00 | 52.00 | 97.00 | OK | |
r-oldrel-osx-x86_64 | 1.0 | OK |
Version: 1.0
Check: compiled code
Result: NOTE
File ‘StepwiseTest/libs/StepwiseTest.so’:
Found no calls to: ‘R_registerRoutines’, ‘R_useDynamicSymbols’
It is good practice to register native routines and to disable symbol
search.
See ‘Writing portable packages’ in the ‘Writing R Extensions’ manual.
Flavors: r-devel-linux-x86_64-debian-clang, r-devel-linux-x86_64-debian-gcc, r-devel-linux-x86_64-fedora-clang, r-devel-linux-x86_64-fedora-gcc, r-patched-linux-x86_64, r-release-linux-x86_64