CRAN Package Check Results for Package TFDEA

Last updated on 2018-02-24 09:51:52 CET.

Flavor Version Tinstall Tcheck Ttotal Status Flags
r-devel-linux-x86_64-debian-clang 0.9.8.3 2.70 22.61 25.31 NOTE
r-devel-linux-x86_64-debian-gcc 0.9.8.3 1.97 17.69 19.66 NOTE
r-devel-linux-x86_64-fedora-clang 0.9.8.3 30.37 NOTE
r-devel-linux-x86_64-fedora-gcc 0.9.8.3 29.47 NOTE
r-devel-windows-ix86+x86_64 0.9.8.3 6.00 42.00 48.00 NOTE
r-patched-linux-x86_64 0.9.8.3 0.78 23.87 24.65 NOTE
r-patched-solaris-x86 0.9.8.3 37.40 NOTE
r-release-linux-x86_64 0.9.8.3 0.77 23.70 24.47 NOTE
r-release-windows-ix86+x86_64 0.9.8.3 3.00 35.00 38.00 NOTE
r-release-osx-x86_64 0.9.8.3 NOTE
r-oldrel-windows-ix86+x86_64 0.9.8.3 3.00 31.00 34.00 NOTE
r-oldrel-osx-x86_64 0.9.8.3 NOTE

Check Details

Version: 0.9.8.3
Check: R code for possible problems
Result: NOTE
    .dea_create_model: no visible global function definition for
     ‘getSrcFilename’
    .wMean: no visible global function definition for ‘weighted.mean’
    Undefined global functions or variables:
     getSrcFilename weighted.mean
    Consider adding
     importFrom("stats", "weighted.mean")
     importFrom("utils", "getSrcFilename")
    to your NAMESPACE file.
Flavors: r-devel-linux-x86_64-debian-clang, r-devel-linux-x86_64-debian-gcc, r-devel-linux-x86_64-fedora-clang, r-devel-linux-x86_64-fedora-gcc, r-devel-windows-ix86+x86_64, r-patched-linux-x86_64, r-patched-solaris-x86, r-release-linux-x86_64, r-release-windows-ix86+x86_64, r-release-osx-x86_64, r-oldrel-windows-ix86+x86_64, r-oldrel-osx-x86_64