Last updated on 2018-02-24 09:51:53 CET.
Flavor | Version | Tinstall | Tcheck | Ttotal | Status | Flags |
---|---|---|---|---|---|---|
r-devel-linux-x86_64-debian-clang | 2015.4-1 | 1.62 | 25.63 | 27.25 | NOTE | |
r-devel-linux-x86_64-debian-gcc | 2015.4-1 | 1.28 | 20.72 | 22.00 | NOTE | |
r-devel-linux-x86_64-fedora-clang | 2015.4-1 | 32.87 | NOTE | |||
r-devel-linux-x86_64-fedora-gcc | 2015.4-1 | 31.65 | NOTE | |||
r-devel-windows-ix86+x86_64 | 2015.4-1 | 5.00 | 52.00 | 57.00 | NOTE | |
r-patched-linux-x86_64 | 2015.4-1 | 1.18 | 25.34 | 26.52 | NOTE | |
r-patched-solaris-x86 | 2015.4-1 | 44.20 | NOTE | |||
r-release-linux-x86_64 | 2015.4-1 | 1.04 | 25.22 | 26.26 | NOTE | |
r-release-windows-ix86+x86_64 | 2015.4-1 | 3.00 | 58.00 | 61.00 | NOTE | |
r-release-osx-x86_64 | 2015.4-1 | NOTE | ||||
r-oldrel-windows-ix86+x86_64 | 2015.4-1 | 3.00 | 38.00 | 41.00 | NOTE | |
r-oldrel-osx-x86_64 | 2015.4-1 | NOTE |
Version: 2015.4-1
Check: R code for possible problems
Result: NOTE
tfDetails: no visible global function definition for ‘start’
tfDetails: no visible global function definition for ‘end’
Undefined global functions or variables:
end start
Consider adding
importFrom("stats", "end", "start")
to your NAMESPACE file.
Flavors: r-devel-linux-x86_64-debian-clang, r-devel-linux-x86_64-debian-gcc, r-devel-linux-x86_64-fedora-clang, r-devel-linux-x86_64-fedora-gcc, r-devel-windows-ix86+x86_64, r-patched-linux-x86_64, r-patched-solaris-x86, r-release-linux-x86_64, r-release-windows-ix86+x86_64, r-release-osx-x86_64, r-oldrel-windows-ix86+x86_64, r-oldrel-osx-x86_64
Version: 2015.4-1
Check: package dependencies
Result: NOTE
Packages which this enhances but not available for checking:
‘TSPostgreSQL’ ‘TSodbc’
Flavors: r-release-osx-x86_64, r-oldrel-osx-x86_64