CRAN Package Check Results for Package TSdata

Last updated on 2018-02-24 09:51:53 CET.

Flavor Version Tinstall Tcheck Ttotal Status Flags
r-devel-linux-x86_64-debian-clang 2016.8-1 0.82 13.31 14.13 OK --no-vignettes
r-devel-linux-x86_64-debian-gcc 2016.8-1 0.62 10.41 11.03 OK --no-vignettes
r-devel-linux-x86_64-fedora-clang 2016.8-1 18.07 OK --no-vignettes
r-devel-linux-x86_64-fedora-gcc 2016.8-1 17.52 OK --no-vignettes
r-devel-windows-ix86+x86_64 2016.8-1 3.00 29.00 32.00 OK --no-vignettes
r-patched-linux-x86_64 2016.8-1 0.70 11.64 12.34 OK --no-vignettes
r-patched-solaris-x86 2016.8-1 17.00 OK --no-vignettes
r-release-linux-x86_64 2016.8-1 0.80 11.47 12.27 OK --no-vignettes
r-release-windows-ix86+x86_64 2016.8-1 2.00 26.00 28.00 OK --no-vignettes
r-release-osx-x86_64 2016.8-1 ERROR
r-oldrel-windows-ix86+x86_64 2016.8-1 2.00 25.00 27.00 OK --no-vignettes
r-oldrel-osx-x86_64 2016.8-1 ERROR

Check Details

Version: 2016.8-1
Check: package dependencies
Result: NOTE
    Packages suggested but not available for checking:
     ‘TSPostgreSQL’ ‘TSodbc’ ‘RPostgreSQL’ ‘RODBC’
Flavor: r-release-osx-x86_64

Version: 2016.8-1
Check: Rd cross-references
Result: NOTE
    Packages unavailable to check Rd xrefs: ‘TSPostgreSQL’, ‘TSodbc’, ‘RPostgreSQL’, ‘RODBC’
Flavor: r-release-osx-x86_64

Version: 2016.8-1
Check: running R code from vignettes
Result: ERROR
    Errors in running code in vignettes:
    when running code in ‘Guide.Stex’
     ...
    Apr 02, 2017 10:18:16 AM it.bancaditalia.oss.sdmx.client.RestSdmxClient getData
    INFO: The sdmx call returned messages in the footer:
     Message [code=400, severity=Error, url=null, text=[Error caused by the caller due to incorrect or semantically invalid arguments]]
    Apr 02, 2017 10:18:16 AM it.bancaditalia.oss.sdmx.client.RestSdmxClient getData
    INFO: The sdmx call returned messages in the footer:
     Message [code=400, severity=Error, url=null, text=[Error caused by the caller due to incorrect or semantically invalid arguments]]
    
     When sourcing ‘Guide.R’:
    Error: ei_nama_q.Q.MIO-EUR.NSA.CP.NA-P72.IT error: it.bancaditalia.oss.sdmx.exceptions.SdmxXmlContentException: The query: ei_nama_q.Q.MIO-EUR.NSA.CP.NA-P72.IT did not match any time series on the provider.
    Execution halted
    when running code in ‘GuideAppendix.Stex’
     ...
    
    > options(continue = " ")
    
    > user <- Sys.getenv("MYSQL_USER")
    
    > setup <- RMySQL::dbConnect(RMySQL::MySQL(), dbname = "test")
    
     When sourcing ‘GuideAppendix.R’:
    Error: Failed to connect to database: Error: Can't connect to local MySQL server through socket '/tmp/mysql.sock' (2)
    Execution halted
Flavor: r-release-osx-x86_64

Version: 2016.8-1
Check: re-building of vignette outputs
Result: NOTE
    Error in re-building vignettes:
     ...
    INFO: Contacting web service with query: https://stats.oecd.org/restsdmx/sdmx.ashx/GetData/QNA/CAN+USA+MEX.B1_GE.CARSA.Q?format=compact_v2
    Apr 02, 2017 10:19:28 AM it.bancaditalia.oss.sdmx.client.RestSdmxClient runQuery
    INFO: Contacting web service with query: http://ec.europa.eu/eurostat/SDMX/diss-web/rest/dataflow/ESTAT/ei_nama_q/latest
    Apr 02, 2017 10:19:28 AM it.bancaditalia.oss.sdmx.client.RestSdmxClient runQuery
    INFO: Contacting web service with query: http://ec.europa.eu/eurostat/SDMX/diss-web/rest/dataflow/ESTAT/ei_nama_q/latest
    Apr 02, 2017 10:19:29 AM it.bancaditalia.oss.sdmx.client.RestSdmxClient runQuery
    INFO: Contacting web service with query: http://ec.europa.eu/eurostat/SDMX/diss-web/rest/datastructure/ESTAT/DSD_ei_nama_q/1.0
    Apr 02, 2017 10:19:29 AM it.bancaditalia.oss.sdmx.client.RestSdmxClient runQuery
    INFO: Contacting web service with query: http://ec.europa.eu/eurostat/SDMX/diss-web/rest/datastructure/ESTAT/DSD_ei_nama_q/1.0
    Apr 02, 2017 10:19:29 AM it.bancaditalia.oss.sdmx.client.RestSdmxClient runQuery
    INFO: Contacting web service with query: http://ec.europa.eu/eurostat/SDMX/diss-web/rest/data/ESTAT,ei_nama_q,1.0/Q.MIO-EUR.NSA.CP.NA-P72.IT
    Apr 02, 2017 10:19:29 AM it.bancaditalia.oss.sdmx.client.RestSdmxClient runQuery
    INFO: Contacting web service with query: http://ec.europa.eu/eurostat/SDMX/diss-web/rest/data/ESTAT,ei_nama_q,1.0/Q.MIO-EUR.NSA.CP.NA-P72.IT
    Apr 02, 2017 10:19:29 AM it.bancaditalia.oss.sdmx.client.RestSdmxClient getData
    INFO: The sdmx call returned messages in the footer:
     Message [code=400, severity=Error, url=null, text=[Error caused by the caller due to incorrect or semantically invalid arguments]]
    Apr 02, 2017 10:19:29 AM it.bancaditalia.oss.sdmx.client.RestSdmxClient getData
    INFO: The sdmx call returned messages in the footer:
     Message [code=400, severity=Error, url=null, text=[Error caused by the caller due to incorrect or semantically invalid arguments]]
    
    Error: processing vignette 'Guide.Stex' failed with diagnostics:
     chunk 5
    Error in .local(serIDs, con, ...) :
     ei_nama_q.Q.MIO-EUR.NSA.CP.NA-P72.IT error: it.bancaditalia.oss.sdmx.exceptions.SdmxXmlContentException: The query: ei_nama_q.Q.MIO-EUR.NSA.CP.NA-P72.IT did not match any time series on the provider.
    Execution halted
Flavor: r-release-osx-x86_64

Version: 2016.8-1
Check: package dependencies
Result: NOTE
    Packages suggested but not available for checking: ‘TSodbc’ ‘RODBC’
Flavor: r-oldrel-osx-x86_64

Version: 2016.8-1
Check: Rd cross-references
Result: NOTE
    Packages unavailable to check Rd xrefs: ‘TSodbc’, ‘RODBC’
Flavor: r-oldrel-osx-x86_64

Version: 2016.8-1
Check: running R code from vignettes
Result: ERROR
    Errors in running code in vignettes:
    when running code in ‘Guide.Stex’
     ...
    Jan 10, 2018 1:56:07 PM it.bancaditalia.oss.sdmx.client.RestSdmxClient getData
    INFO: The sdmx call returned messages in the footer:
     Message [code=400, severity=Error, url=null, text=[Error caused by the caller due to incorrect or semantically invalid arguments]]
    Jan 10, 2018 1:56:07 PM it.bancaditalia.oss.sdmx.client.RestSdmxClient getData
    INFO: The sdmx call returned messages in the footer:
     Message [code=400, severity=Error, url=null, text=[Error caused by the caller due to incorrect or semantically invalid arguments]]
    
     When sourcing ‘Guide.R’:
    Error: ei_nama_q.Q.MIO-EUR.NSA.CP.NA-P72.IT error: it.bancaditalia.oss.sdmx.exceptions.SdmxXmlContentException: The query: ei_nama_q.Q.MIO-EUR.NSA.CP.NA-P72.IT did not match any time series on the provider.
    Execution halted
    when running code in ‘GuideAppendix.Stex’
     ...
    
    > options(continue = " ")
    
    > user <- Sys.getenv("MYSQL_USER")
    
    > setup <- RMySQL::dbConnect(RMySQL::MySQL(), dbname = "test")
    
     When sourcing ‘GuideAppendix.R’:
    Error: Failed to connect to database: Error: Can't connect to local MySQL server through socket '/tmp/mysql.sock' (2)
    Execution halted
Flavor: r-oldrel-osx-x86_64

Version: 2016.8-1
Check: re-building of vignette outputs
Result: NOTE
    Error in re-building vignettes:
     ...
    INFO: Contacting web service with query: https://stats.oecd.org/restsdmx/sdmx.ashx/GetData/QNA/CAN+USA+MEX.B1_GE.CARSA.Q?format=compact_v2
    Jan 10, 2018 1:56:13 PM it.bancaditalia.oss.sdmx.client.RestSdmxClient runQuery
    INFO: Contacting web service with query: http://ec.europa.eu/eurostat/SDMX/diss-web/rest/dataflow/ESTAT/ei_nama_q/latest
    Jan 10, 2018 1:56:13 PM it.bancaditalia.oss.sdmx.client.RestSdmxClient runQuery
    INFO: Contacting web service with query: http://ec.europa.eu/eurostat/SDMX/diss-web/rest/dataflow/ESTAT/ei_nama_q/latest
    Jan 10, 2018 1:56:13 PM it.bancaditalia.oss.sdmx.client.RestSdmxClient runQuery
    INFO: Contacting web service with query: http://ec.europa.eu/eurostat/SDMX/diss-web/rest/datastructure/ESTAT/DSD_ei_nama_q/1.0
    Jan 10, 2018 1:56:13 PM it.bancaditalia.oss.sdmx.client.RestSdmxClient runQuery
    INFO: Contacting web service with query: http://ec.europa.eu/eurostat/SDMX/diss-web/rest/datastructure/ESTAT/DSD_ei_nama_q/1.0
    Jan 10, 2018 1:56:14 PM it.bancaditalia.oss.sdmx.client.RestSdmxClient runQuery
    INFO: Contacting web service with query: http://ec.europa.eu/eurostat/SDMX/diss-web/rest/data/ESTAT,ei_nama_q,1.0/Q.MIO-EUR.NSA.CP.NA-P72.IT
    Jan 10, 2018 1:56:14 PM it.bancaditalia.oss.sdmx.client.RestSdmxClient runQuery
    INFO: Contacting web service with query: http://ec.europa.eu/eurostat/SDMX/diss-web/rest/data/ESTAT,ei_nama_q,1.0/Q.MIO-EUR.NSA.CP.NA-P72.IT
    Jan 10, 2018 1:56:14 PM it.bancaditalia.oss.sdmx.client.RestSdmxClient getData
    INFO: The sdmx call returned messages in the footer:
     Message [code=400, severity=Error, url=null, text=[Error caused by the caller due to incorrect or semantically invalid arguments]]
    Jan 10, 2018 1:56:14 PM it.bancaditalia.oss.sdmx.client.RestSdmxClient getData
    INFO: The sdmx call returned messages in the footer:
     Message [code=400, severity=Error, url=null, text=[Error caused by the caller due to incorrect or semantically invalid arguments]]
    
    Error: processing vignette 'Guide.Stex' failed with diagnostics:
     chunk 5
    Error in .local(serIDs, con, ...) :
     ei_nama_q.Q.MIO-EUR.NSA.CP.NA-P72.IT error: it.bancaditalia.oss.sdmx.exceptions.SdmxXmlContentException: The query: ei_nama_q.Q.MIO-EUR.NSA.CP.NA-P72.IT did not match any time series on the provider.
    Execution halted
Flavor: r-oldrel-osx-x86_64