Last updated on 2018-02-24 09:51:53 CET.
Flavor | Version | Tinstall | Tcheck | Ttotal | Status | Flags |
---|---|---|---|---|---|---|
r-devel-linux-x86_64-debian-clang | 0.1.5 | 5.55 | 177.04 | 182.59 | WARN | |
r-devel-linux-x86_64-debian-gcc | 0.1.5 | 6.02 | 133.36 | 139.38 | WARN | |
r-devel-linux-x86_64-fedora-clang | 0.1.5 | 208.44 | WARN | |||
r-devel-linux-x86_64-fedora-gcc | 0.1.5 | 202.38 | WARN | |||
r-devel-windows-ix86+x86_64 | 0.1.5 | 15.00 | 245.00 | 260.00 | WARN | |
r-patched-linux-x86_64 | 0.1.5 | 4.41 | 187.08 | 191.49 | OK | |
r-patched-solaris-x86 | 0.1.5 | 245.30 | NOTE | |||
r-release-linux-x86_64 | 0.1.5 | 3.84 | 177.07 | 180.91 | OK | |
r-release-windows-ix86+x86_64 | 0.1.5 | 11.00 | 240.00 | 251.00 | OK | |
r-release-osx-x86_64 | 0.1.5 | NOTE | ||||
r-oldrel-windows-ix86+x86_64 | 0.1.5 | 8.00 | 183.00 | 191.00 | OK | |
r-oldrel-osx-x86_64 | 0.1.4 | ERROR |
Version: 0.1.5
Check: whether package can be installed
Result: WARN
Found the following significant warnings:
Note: break may be used in wrong context: no loop is visible
Flavors: r-devel-linux-x86_64-debian-clang, r-devel-linux-x86_64-debian-gcc, r-devel-linux-x86_64-fedora-clang, r-devel-linux-x86_64-fedora-gcc, r-devel-windows-ix86+x86_64
Version: 0.1.5
Check: dependencies in R code
Result: NOTE
Namespaces in Imports field not imported from:
‘ggplot2’ ‘magrittr’ ‘rgeos’
All declared Imports should be used.
Flavors: r-devel-linux-x86_64-fedora-clang, r-devel-linux-x86_64-fedora-gcc, r-patched-solaris-x86, r-release-osx-x86_64
Version: 0.1.4
Check: whether package can be installed
Result: ERROR
Installation failed.
Flavor: r-oldrel-osx-x86_64