Last updated on 2018-02-24 09:51:54 CET.
Flavor | Version | Tinstall | Tcheck | Ttotal | Status | Flags |
---|---|---|---|---|---|---|
r-devel-linux-x86_64-debian-clang | 1.21 | 15.23 | 150.60 | 165.83 | OK | |
r-devel-linux-x86_64-debian-gcc | 1.21 | 10.60 | 121.42 | 132.02 | OK | |
r-devel-linux-x86_64-fedora-clang | 1.21 | 201.39 | NOTE | |||
r-devel-linux-x86_64-fedora-gcc | 1.21 | 195.94 | NOTE | |||
r-devel-windows-ix86+x86_64 | 1.11 | 31.00 | 152.00 | 183.00 | OK | |
r-patched-linux-x86_64 | 1.21 | 10.29 | 150.30 | 160.59 | OK | |
r-patched-solaris-x86 | 1.21 | 270.40 | NOTE | |||
r-release-linux-x86_64 | 1.21 | 11.83 | 148.06 | 159.89 | OK | |
r-release-windows-ix86+x86_64 | 1.11 | 29.00 | 213.00 | 242.00 | OK | |
r-release-osx-x86_64 | 1.21 | NOTE | ||||
r-oldrel-windows-ix86+x86_64 | 1.11 | 21.00 | 150.00 | 171.00 | OK | |
r-oldrel-osx-x86_64 | 1.11 | OK |
Version: 1.21
Check: dependencies in R code
Result: NOTE
Namespaces in Imports field not imported from:
‘Hmisc’ ‘XML’ ‘checkmate’ ‘gstat’ ‘intervals’
All declared Imports should be used.
Flavors: r-devel-linux-x86_64-fedora-clang, r-devel-linux-x86_64-fedora-gcc, r-patched-solaris-x86, r-release-osx-x86_64