Last updated on 2018-02-24 09:51:55 CET.
Flavor | Version | Tinstall | Tcheck | Ttotal | Status | Flags |
---|---|---|---|---|---|---|
r-devel-linux-x86_64-debian-clang | 0.6.2 | 1.94 | 33.28 | 35.22 | NOTE | |
r-devel-linux-x86_64-debian-gcc | 0.6.2 | 1.66 | 26.63 | 28.29 | NOTE | |
r-devel-linux-x86_64-fedora-clang | 0.6.2 | 39.27 | NOTE | |||
r-devel-linux-x86_64-fedora-gcc | 0.6.2 | 38.17 | NOTE | |||
r-devel-windows-ix86+x86_64 | 0.6.2 | 7.00 | 91.00 | 98.00 | OK | |
r-patched-linux-x86_64 | 0.6.2 | 1.50 | 37.38 | 38.88 | OK | |
r-patched-solaris-x86 | 0.6.2 | 58.80 | OK | |||
r-release-linux-x86_64 | 0.6.2 | 1.65 | 36.59 | 38.24 | OK | |
r-release-windows-ix86+x86_64 | 0.6.2 | 9.00 | 89.00 | 98.00 | OK | |
r-release-osx-x86_64 | 0.6.2 | OK | ||||
r-oldrel-windows-ix86+x86_64 | 0.6.2 | 4.00 | 67.00 | 71.00 | OK | |
r-oldrel-osx-x86_64 | 0.6.2 | ERROR |
Version: 0.6.2
Check: DESCRIPTION meta-information
Result: NOTE
Dependence on R version ‘3.3.3’ not with patchlevel 0
Flavors: r-devel-linux-x86_64-debian-clang, r-devel-linux-x86_64-debian-gcc, r-devel-linux-x86_64-fedora-clang, r-devel-linux-x86_64-fedora-gcc
Version: 0.6.2
Check: whether package can be installed
Result: ERROR
Installation failed.
Flavor: r-oldrel-osx-x86_64