Last updated on 2018-02-24 09:51:55 CET.
Flavor | Version | Tinstall | Tcheck | Ttotal | Status | Flags |
---|---|---|---|---|---|---|
r-devel-linux-x86_64-debian-clang | 0.8 | 3.99 | 27.19 | 31.18 | OK | |
r-devel-linux-x86_64-debian-gcc | 0.8 | 3.14 | 21.97 | 25.11 | OK | |
r-devel-linux-x86_64-fedora-clang | 0.8 | 38.02 | OK | |||
r-devel-linux-x86_64-fedora-gcc | 0.8 | 36.72 | OK | |||
r-devel-windows-ix86+x86_64 | 0.8 | 11.00 | 52.00 | 63.00 | OK | |
r-patched-linux-x86_64 | 0.8 | 2.36 | 30.77 | 33.13 | OK | |
r-patched-solaris-x86 | 0.8 | 53.50 | OK | |||
r-release-linux-x86_64 | 0.8 | 2.61 | 30.64 | 33.25 | OK | |
r-release-windows-ix86+x86_64 | 0.7 | 5.00 | 5.00 | 10.00 | ERROR | |
r-release-osx-x86_64 | 0.8 | OK | ||||
r-oldrel-windows-ix86+x86_64 | 0.7 | 4.00 | 5.00 | 9.00 | ERROR | |
r-oldrel-osx-x86_64 | 0.8 | OK |
Version: 0.7
Check: package dependencies
Result: ERROR
Package required but not available: 'rPython'
See section 'The DESCRIPTION file' in the 'Writing R Extensions'
manual.
Flavors: r-release-windows-ix86+x86_64, r-oldrel-windows-ix86+x86_64