CRAN Package Check Results for Package additiveDEA

Last updated on 2018-02-24 09:51:15 CET.

Flavor Version Tinstall Tcheck Ttotal Status Flags
r-devel-linux-x86_64-debian-clang 1.1 1.87 25.50 27.37 OK
r-devel-linux-x86_64-debian-gcc 1.1 1.54 19.65 21.19 OK
r-devel-linux-x86_64-fedora-clang 1.1 32.24 NOTE
r-devel-linux-x86_64-fedora-gcc 1.1 31.79 NOTE
r-devel-windows-ix86+x86_64 1.1 5.00 48.00 53.00 OK
r-patched-linux-x86_64 1.1 0.80 26.79 27.59 OK
r-patched-solaris-x86 1.1 48.20 NOTE
r-release-linux-x86_64 1.1 0.83 26.78 27.61 OK
r-release-windows-ix86+x86_64 1.1 4.00 41.00 45.00 OK
r-release-osx-x86_64 1.1 NOTE
r-oldrel-windows-ix86+x86_64 1.1 3.00 43.00 46.00 OK
r-oldrel-osx-x86_64 1.1 NOTE

Check Details

Version: 1.1
Check: dependencies in R code
Result: NOTE
    Namespace in Imports field not imported from: ‘Benchmarking’
     All declared Imports should be used.
Flavors: r-devel-linux-x86_64-fedora-clang, r-devel-linux-x86_64-fedora-gcc, r-patched-solaris-x86, r-release-osx-x86_64, r-oldrel-osx-x86_64