Last updated on 2018-02-24 09:51:17 CET.
Flavor | Version | Tinstall | Tcheck | Ttotal | Status | Flags |
---|---|---|---|---|---|---|
r-devel-linux-x86_64-debian-clang | 0.2.0 | 2.02 | 25.66 | 27.68 | OK | |
r-devel-linux-x86_64-debian-gcc | 0.2.0 | 1.38 | 20.41 | 21.79 | OK | |
r-devel-linux-x86_64-fedora-clang | 0.2.0 | 33.19 | NOTE | |||
r-devel-linux-x86_64-fedora-gcc | 0.2.0 | 31.31 | NOTE | |||
r-devel-windows-ix86+x86_64 | 0.2.0 | 5.00 | 61.00 | 66.00 | OK | |
r-patched-linux-x86_64 | 0.2.0 | 2.02 | 29.41 | 31.43 | OK | |
r-patched-solaris-x86 | 0.2.0 | 50.50 | NOTE | |||
r-release-linux-x86_64 | 0.2.0 | 1.47 | 30.04 | 31.51 | OK | |
r-release-windows-ix86+x86_64 | 0.2.0 | 6.00 | 61.00 | 67.00 | OK | |
r-release-osx-x86_64 | 0.2.0 | NOTE | ||||
r-oldrel-windows-ix86+x86_64 | 0.2.0 | 4.00 | 36.00 | 40.00 | OK | |
r-oldrel-osx-x86_64 | 0.2.0 | NOTE |
Version: 0.2.0
Check: dependencies in R code
Result: NOTE
Namespace in Imports field not imported from: ‘stringr’
All declared Imports should be used.
Flavors: r-devel-linux-x86_64-fedora-clang, r-devel-linux-x86_64-fedora-gcc, r-patched-solaris-x86, r-release-osx-x86_64, r-oldrel-osx-x86_64