Last updated on 2018-02-24 09:51:17 CET.
Flavor | Version | Tinstall | Tcheck | Ttotal | Status | Flags |
---|---|---|---|---|---|---|
r-devel-linux-x86_64-debian-clang | 1.0.0 | 3.21 | 146.17 | 149.38 | NOTE | |
r-devel-linux-x86_64-debian-gcc | 1.0.0 | 3.20 | 104.24 | 107.44 | NOTE | |
r-devel-linux-x86_64-fedora-clang | 1.0.0 | 166.74 | NOTE | |||
r-devel-linux-x86_64-fedora-gcc | 1.0.0 | 160.87 | NOTE | |||
r-devel-windows-ix86+x86_64 | 1.0.0 | 9.00 | 188.00 | 197.00 | OK | |
r-patched-linux-x86_64 | 1.0.0 | 2.16 | 160.98 | 163.14 | OK | |
r-patched-solaris-x86 | 1.0.0 | 214.60 | OK | |||
r-release-linux-x86_64 | 1.0.0 | 2.09 | 167.87 | 169.96 | OK | |
r-release-windows-ix86+x86_64 | 1.0.0 | 10.00 | 195.00 | 205.00 | OK | |
r-release-osx-x86_64 | 1.0.0 | OK | ||||
r-oldrel-windows-ix86+x86_64 | 1.0.0 | 6.00 | 182.00 | 188.00 | OK | |
r-oldrel-osx-x86_64 | 1.0.0 | OK |
Version: 1.0.0
Check: DESCRIPTION meta-information
Result: NOTE
Dependence on R version ‘3.3.1’ not with patchlevel 0
Flavors: r-devel-linux-x86_64-debian-clang, r-devel-linux-x86_64-debian-gcc, r-devel-linux-x86_64-fedora-clang, r-devel-linux-x86_64-fedora-gcc